{"id":9,"date":"2021-03-20T10:39:44","date_gmt":"2021-03-20T10:39:44","guid":{"rendered":"https:\/\/themify.me\/demo\/themes\/ultra-gadgets\/?page_id=175"},"modified":"2024-12-21T13:31:05","modified_gmt":"2024-12-21T13:31:05","slug":"kapcsolat","status":"publish","type":"page","link":"https:\/\/www.bmhangszer.hu\/index.php\/kapcsolat\/","title":{"rendered":"Kapcsolat"},"content":{"rendered":"<!--themify_builder_content-->\n<div id=\"themify_builder_content-9\" data-postid=\"9\" class=\"themify_builder_content themify_builder_content-9 themify_builder tf_clear\">\n                    <div  data-lazy=\"1\" class=\"module_row themify_builder_row tb_ccuc35 tb_first tf_w\">\n                        <div class=\"row_inner col_align_top tb_col_count_1 tf_box tf_rel\">\n                        <div  data-lazy=\"1\" class=\"module_column tb-column col-full tb_q8v035 first\">\n                    <!-- module text -->\n<div  class=\"module module-text tb_fu3d783   \" data-lazy=\"1\">\n        <div  class=\"tb_text_wrap\">\n        <h1 style=\"text-align: center;\">El\u00e9rhet\u0151s\u00e9gek<\/h1>    <\/div>\n<\/div>\n<!-- \/module text -->        <div  data-lazy=\"1\" class=\"module_subrow themify_builder_sub_row tf_w col_align_middle gutter-none tb_col_count_2 tb_rvjo35\">\n                <div  data-lazy=\"1\" class=\"module_column sub_column col4-2 tb_z9m035 first\">\n                    <!-- module icon -->\n<div  class=\"module module-icon tb_pew4944    icon_horizontal \" data-lazy=\"1\">\n\t\t\t<div class=\"module-icon-item\">\n\t\t\t\t\t\t\t\t\t\t\t\t\t\t\t\t<em class=\"tf_box\"\n\t\t\t\t\t\t\t\t\t\t\t\t style=\"color:#564639\"\t\t\t\t\t><svg  class=\"tf_fa tf-ti-location-pin\" xmlns:xlink=\"http:\/\/www.w3.org\/1999\/xlink\" aria-hidden=\"true\"><use href=\"#tf-ti-location-pin\" xlink:href=\"#tf-ti-location-pin\"><\/use><\/svg><\/em>\n\t\t\t\t\t\t\t\t\t\t\t\t\t\t\t\t\t\t\t<span>1163 Budapest, Veres P\u00e9ter \u00fat 5.<\/span>\n\t\t\t\t\t\t\t\t\t\t\t\t\t\t\t<\/div>\n\t<\/div>\n<!-- \/module icon -->\n<!-- module icon -->\n<div  class=\"module module-icon tb_f54m62    icon_horizontal \" data-lazy=\"1\">\n\t\t\t<div class=\"module-icon-item\">\n\t\t\t\t\t\t\t\t\t\t\t\t\t\t\t\t<em class=\"tf_box\"\n\t\t\t\t\t\t\t\t\t\t\t\t style=\"color:#564639\"\t\t\t\t\t><svg  class=\"tf_fa tf-ti-mobile\" xmlns:xlink=\"http:\/\/www.w3.org\/1999\/xlink\" aria-hidden=\"true\"><use href=\"#tf-ti-mobile\" xlink:href=\"#tf-ti-mobile\"><\/use><\/svg><\/em>\n\t\t\t\t\t\t\t\t\t\t\t\t\t\t\t\t\t\t\t<span>+36-20-517-00-85<\/span>\n\t\t\t\t\t\t\t\t\t\t\t\t\t\t\t<\/div>\n\t<\/div>\n<!-- \/module icon -->\n<!-- module icon -->\n<div  class=\"module module-icon tb_mltp527    icon_horizontal \" data-lazy=\"1\">\n\t\t\t<div class=\"module-icon-item\">\n\t\t\t\t\t\t\t\t\t\t\t\t\t\t\t\t<em class=\"tf_box\"\n\t\t\t\t\t\t\t\t\t\t\t\t style=\"color:#564639\"\t\t\t\t\t><svg  class=\"tf_fa tf-ti-email\" xmlns:xlink=\"http:\/\/www.w3.org\/1999\/xlink\" aria-hidden=\"true\"><use href=\"#tf-ti-email\" xlink:href=\"#tf-ti-email\"><\/use><\/svg><\/em>\n\t\t\t\t\t\t\t\t\t\t\t\t\t\t\t\t\t\t\t<span>bm.hangszer[kukac]gmail.com<\/span>\n\t\t\t\t\t\t\t\t\t\t\t\t\t\t\t<\/div>\n\t<\/div>\n<!-- \/module icon -->\n<!-- module icon -->\n<div  class=\"module module-icon tb_89w5184    icon_horizontal \" data-lazy=\"1\">\n\t\t\t<div class=\"module-icon-item\">\n\t\t\t\t\t\t\t\t\t\t\t\t\t\t\t\t<em class=\"tf_box\"\n\t\t\t\t\t\t\t\t\t\t\t\t style=\"color:#564639\"\t\t\t\t\t><svg  class=\"tf_fa tf-ti-time\" xmlns:xlink=\"http:\/\/www.w3.org\/1999\/xlink\" aria-hidden=\"true\"><use href=\"#tf-ti-time\" xlink:href=\"#tf-ti-time\"><\/use><\/svg><\/em>\n\t\t\t\t\t\t\t\t\t\t\t\t\t\t\t\t\t\t\t<span>H\u00e9tf\u0151\u2013p\u00e9ntek: 9.00\u201317.00 <br \/>Szombat\u2013vas\u00e1rnap: z\u00e1rva <br \/>Miel\u0151tt felkeres, k\u00e9rem mindenk\u00e9ppen h\u00edvjon telefonon, mivel egyed\u00fcl vagyok, ha hangszert sz\u00e1ll\u00edtok ki zeneiskol\u00e1knak, vagy jav\u00edt\u00e1shoz sz\u00fcks\u00e9ges anyagokat szerzek be, ilyenkor sajnos be kell z\u00e1rnom. Amennyiben megbesz\u00e9l\u00fcnk egy id\u0151pontot, sz\u00e1m\u00edthat r\u00e1, hogy biztosan a m\u0171helyben leszek.<\/span>\n\t\t\t\t\t\t\t\t\t\t\t\t\t\t\t<\/div>\n\t<\/div>\n<!-- \/module icon -->\n        <\/div>\n                    <div  data-lazy=\"1\" class=\"module_column sub_column col4-2 tb_dmn635 last\">\n                    <!-- module image -->\n<div  class=\"module module-image tb_6ubz35 image-right rounded  auto_fullwidth tf_mw hide-tablet hide-mobile\" data-lazy=\"1\">\n        <div class=\"image-wrap tf_rel tf_mw\">\n            <img loading=\"lazy\" decoding=\"async\" src=\"https:\/\/www.bmhangszer.hu\/wp-content\/uploads\/2024\/06\/20240510_151814-1024x576-700x393.jpg\" width=\"700\" height=\"393\" class=\"wp-post-image wp-image-79\" title=\"20240510_151814\" alt=\"20240510_151814\" srcset=\"https:\/\/www.bmhangszer.hu\/wp-content\/uploads\/2024\/06\/20240510_151814-1024x576-700x393.jpg 700w, https:\/\/www.bmhangszer.hu\/wp-content\/uploads\/2024\/06\/20240510_151814-300x169.jpg 300w, https:\/\/www.bmhangszer.hu\/wp-content\/uploads\/2024\/06\/20240510_151814-1024x576.jpg 1024w, https:\/\/www.bmhangszer.hu\/wp-content\/uploads\/2024\/06\/20240510_151814-768x432.jpg 768w, https:\/\/www.bmhangszer.hu\/wp-content\/uploads\/2024\/06\/20240510_151814-1536x864.jpg 1536w, https:\/\/www.bmhangszer.hu\/wp-content\/uploads\/2024\/06\/20240510_151814-2048x1152.jpg 2048w\" sizes=\"auto, (max-width: 700px) 100vw, 700px\" \/>    \n        <\/div>\n    <!-- \/image-wrap -->\n    \n        <\/div>\n<!-- \/module image -->        <\/div>\n                    <\/div>\n                <\/div>\n                        <\/div>\n        <\/div>\n                        <div  data-lazy=\"1\" class=\"module_row themify_builder_row tb_rf422 tf_w\">\n                        <div class=\"row_inner col_align_top tb_col_count_1 tf_box tf_rel\">\n                        <div  data-lazy=\"1\" class=\"module_column tb-column col-full tb_zjv721 first\">\n                    <!-- module text -->\n<div  class=\"module module-text tb_9g1821   \" data-lazy=\"1\">\n        <div  class=\"tb_text_wrap\">\n        <h2>Gyakran ism\u00e9telt k\u00e9rd\u00e9sek<\/h2>    <\/div>\n<\/div>\n<!-- \/module text --><!-- module accordion -->\n<div  class=\"module module-accordion tb_hhxn22 \" data-behavior=\"toggle\" data-lazy=\"1\">\n    \n    <ul class=\"ui module-accordion   transparent\">\n            <li>\n            <div class=\"accordion-title tf_rel\">\n                <a href=\"#acc-hhxn22-0\" class=\"tb_title_accordion\" aria-controls=\"acc-hhxn22-0-content\" aria-expanded=\"false\">\n                    <i class=\"accordion-icon\"><svg  class=\"tf_fa tf-ti-plus\" xmlns:xlink=\"http:\/\/www.w3.org\/1999\/xlink\" aria-hidden=\"true\"><use href=\"#tf-ti-plus\" xlink:href=\"#tf-ti-plus\"><\/use><\/svg><\/i>                    <i class=\"accordion-active-icon tf_hide\"><svg  class=\"tf_fa tf-ti-minus\" xmlns:xlink=\"http:\/\/www.w3.org\/1999\/xlink\" aria-hidden=\"true\"><use href=\"#tf-ti-minus\" xlink:href=\"#tf-ti-minus\"><\/use><\/svg><\/i>                    <span class=\"accordion-title-wrap\">Hogyan tudom megv\u00e1s\u00e1rolni a kiv\u00e1lasztott hangszert?<\/span>                <\/a>\n            <\/div><!-- .accordion-title -->\n            <div id=\"acc-hhxn22-0-content\" data-id=\"acc-hhxn22-0\" aria-hidden=\"true\" class=\"accordion-content tf_hide tf_clearfix\">\n                        <div  data-lazy=\"1\" class=\"module_subrow themify_builder_sub_row tf_w col_align_top tb_col_count_1 tb_rj5n380\">\n                <div  data-lazy=\"1\" class=\"module_column sub_column tb_vcyj380 first\">\n                    <!-- module text -->\n<div  class=\"module module-text tb_miag380   \" data-lazy=\"1\">\n        <div  class=\"tb_text_wrap\">\n        <p>A honlapon l\u00e1that\u00f3 hangszerek mind a m\u0171helyben megtal\u00e1lhat\u00f3k \u00e9s kipr\u00f3b\u00e1lhat\u00f3k. Mivel haszn\u00e1lt hangszerekr\u0151l\u00a0van sz\u00f3, mindenk\u00e9ppen sz\u00fcks\u00e9ges a szem\u00e9lyes \u00e1tv\u00e9tel \u00e9s \u00e1tvizsg\u00e1l\u00e1s a k\u00e9s\u0151bbi csal\u00f3d\u00e1sok \u00e9s f\u00e9lre\u00e9rt\u00e9sek elker\u00fcl\u00e9se \u00e9rdek\u00e9ben.<\/p>    <\/div>\n<\/div>\n<!-- \/module text -->        <\/div>\n                    <\/div>\n                    <\/div><!-- .accordion-content -->\n        <\/li>\n            <li>\n            <div class=\"accordion-title tf_rel\">\n                <a href=\"#acc-hhxn22-1\" class=\"tb_title_accordion\" aria-controls=\"acc-hhxn22-1-content\" aria-expanded=\"false\">\n                    <i class=\"accordion-icon\"><svg  class=\"tf_fa tf-ti-plus\" xmlns:xlink=\"http:\/\/www.w3.org\/1999\/xlink\" aria-hidden=\"true\"><use href=\"#tf-ti-plus\" xlink:href=\"#tf-ti-plus\"><\/use><\/svg><\/i>                    <i class=\"accordion-active-icon tf_hide\"><svg  class=\"tf_fa tf-ti-minus\" xmlns:xlink=\"http:\/\/www.w3.org\/1999\/xlink\" aria-hidden=\"true\"><use href=\"#tf-ti-minus\" xlink:href=\"#tf-ti-minus\"><\/use><\/svg><\/i>                    <span class=\"accordion-title-wrap\">Beszorult a f\u00fav\u00f3ka a hangszerembe. Hogyan tudom kivenni?<\/span>                <\/a>\n            <\/div><!-- .accordion-title -->\n            <div id=\"acc-hhxn22-1-content\" data-id=\"acc-hhxn22-1\" aria-hidden=\"true\" class=\"accordion-content tf_hide tf_clearfix\">\n                        <div  data-lazy=\"1\" class=\"module_subrow themify_builder_sub_row tf_w col_align_top tb_col_count_1 tb_gdj1380\">\n                <div  data-lazy=\"1\" class=\"module_column sub_column tb_ttu3380 first\">\n                    <!-- module text -->\n<div  class=\"module module-text tb_qy6x380   \" data-lazy=\"1\">\n        <div  class=\"tb_text_wrap\">\n        <p>Ha nem j\u00f6n ki a f\u00fav\u00f3ka, nem \u00e9rdemes h\u00e1zilag k\u00eds\u00e9rletezni, nagy val\u00f3sz\u00edn\u0171s\u00e9g szerint vagy a hangszernek vagy a f\u00fav\u00f3k\u00e1nak esik baja (esetleg mindkett\u0151nek). A m\u0171helyben p\u00e1r perc alatt s\u00e9r\u00fcl\u00e9s n\u00e9lk\u00fcl \u00e9s ingyen kih\u00fazom a hangszerb\u0151l.<\/p>    <\/div>\n<\/div>\n<!-- \/module text -->        <\/div>\n                    <\/div>\n                    <\/div><!-- .accordion-content -->\n        <\/li>\n            <li>\n            <div class=\"accordion-title tf_rel\">\n                <a href=\"#acc-hhxn22-2\" class=\"tb_title_accordion\" aria-controls=\"acc-hhxn22-2-content\" aria-expanded=\"false\">\n                    <i class=\"accordion-icon\"><svg  class=\"tf_fa tf-ti-plus\" xmlns:xlink=\"http:\/\/www.w3.org\/1999\/xlink\" aria-hidden=\"true\"><use href=\"#tf-ti-plus\" xlink:href=\"#tf-ti-plus\"><\/use><\/svg><\/i>                    <i class=\"accordion-active-icon tf_hide\"><svg  class=\"tf_fa tf-ti-minus\" xmlns:xlink=\"http:\/\/www.w3.org\/1999\/xlink\" aria-hidden=\"true\"><use href=\"#tf-ti-minus\" xlink:href=\"#tf-ti-minus\"><\/use><\/svg><\/i>                    <span class=\"accordion-title-wrap\">Beragadnak-leragadnak a billenty\u0171k a hangszeren. Mit lehet tenni?<\/span>                <\/a>\n            <\/div><!-- .accordion-title -->\n            <div id=\"acc-hhxn22-2-content\" data-id=\"acc-hhxn22-2\" aria-hidden=\"true\" class=\"accordion-content tf_hide tf_clearfix\">\n                        <div  data-lazy=\"1\" class=\"module_subrow themify_builder_sub_row tf_w col_align_top tb_col_count_1 tb_vqw1381\">\n                <div  data-lazy=\"1\" class=\"module_column sub_column tb_p9fz381 first\">\n                    <!-- module text -->\n<div  class=\"module module-text tb_0sim381   \" data-lazy=\"1\">\n        <div  class=\"tb_text_wrap\">\n        <p>Nagy val\u00f3sz\u00edn\u0171s\u00e9g szerint lerak\u00f3d\u00e1sok miatt akadnak a g\u00e9pek, egy vegyszeres bels\u0151 tiszt\u00edt\u00e1s seg\u00edthet a probl\u00e9m\u00e1n.<\/p>    <\/div>\n<\/div>\n<!-- \/module text -->        <\/div>\n                    <\/div>\n                    <\/div><!-- .accordion-content -->\n        <\/li>\n        <\/ul>\n\n<\/div><!-- \/module accordion -->        <\/div>\n                        <\/div>\n        <\/div>\n        <\/div>\n<!--\/themify_builder_content-->","protected":false},"excerpt":{"rendered":"<p>El\u00e9rhet\u0151s\u00e9gek<\/p>\n","protected":false},"author":1,"featured_media":0,"parent":0,"menu_order":0,"comment_status":"closed","ping_status":"closed","template":"","meta":{"footnotes":""},"class_list":["post-9","page","type-page","status-publish","hentry","has-post-title","has-post-date","has-post-category","has-post-tag","has-post-comment","has-post-author",""],"yoast_head":"<!-- This site is optimized with the Yoast SEO plugin v27.1.1 - https:\/\/yoast.com\/product\/yoast-seo-wordpress\/ -->\n<title>Kapcsolat - Balogh Mikl\u00f3s hangszer\u00e9sz<\/title>\n<meta name=\"robots\" content=\"index, follow, max-snippet:-1, max-image-preview:large, max-video-preview:-1\" \/>\n<link rel=\"canonical\" href=\"https:\/\/www.bmhangszer.hu\/index.php\/kapcsolat\/\" \/>\n<meta property=\"og:locale\" content=\"hu_HU\" \/>\n<meta property=\"og:type\" content=\"article\" \/>\n<meta property=\"og:title\" content=\"Kapcsolat - Balogh Mikl\u00f3s hangszer\u00e9sz\" \/>\n<meta property=\"og:description\" content=\"El\u00e9rhet\u0151s\u00e9gek\" \/>\n<meta property=\"og:url\" content=\"https:\/\/www.bmhangszer.hu\/index.php\/kapcsolat\/\" \/>\n<meta property=\"og:site_name\" content=\"Balogh Mikl\u00f3s hangszer\u00e9sz\" \/>\n<meta property=\"article:modified_time\" content=\"2024-12-21T13:31:05+00:00\" \/>\n<meta property=\"og:image\" content=\"https:\/\/www.bmhangszer.hu\/wp-content\/uploads\/2024\/06\/20240510_151814-1024x576-700x393.jpg\" \/>\n<meta name=\"twitter:card\" content=\"summary_large_image\" \/>\n<meta name=\"twitter:label1\" content=\"Becs\u00fclt olvas\u00e1si id\u0151\" \/>\n\t<meta name=\"twitter:data1\" content=\"2 perc\" \/>\n<script type=\"application\/ld+json\" class=\"yoast-schema-graph\">{\"@context\":\"https:\/\/schema.org\",\"@graph\":[{\"@type\":\"WebPage\",\"@id\":\"https:\/\/www.bmhangszer.hu\/index.php\/kapcsolat\/\",\"url\":\"https:\/\/www.bmhangszer.hu\/index.php\/kapcsolat\/\",\"name\":\"Kapcsolat - Balogh Mikl\u00f3s hangszer\u00e9sz\",\"isPartOf\":{\"@id\":\"https:\/\/www.bmhangszer.hu\/#website\"},\"primaryImageOfPage\":{\"@id\":\"https:\/\/www.bmhangszer.hu\/index.php\/kapcsolat\/#primaryimage\"},\"image\":{\"@id\":\"https:\/\/www.bmhangszer.hu\/index.php\/kapcsolat\/#primaryimage\"},\"thumbnailUrl\":\"https:\/\/www.bmhangszer.hu\/wp-content\/uploads\/2024\/06\/20240510_151814-1024x576-700x393.jpg\",\"datePublished\":\"2021-03-20T10:39:44+00:00\",\"dateModified\":\"2024-12-21T13:31:05+00:00\",\"breadcrumb\":{\"@id\":\"https:\/\/www.bmhangszer.hu\/index.php\/kapcsolat\/#breadcrumb\"},\"inLanguage\":\"hu\",\"potentialAction\":[{\"@type\":\"ReadAction\",\"target\":[\"https:\/\/www.bmhangszer.hu\/index.php\/kapcsolat\/\"]}]},{\"@type\":\"ImageObject\",\"inLanguage\":\"hu\",\"@id\":\"https:\/\/www.bmhangszer.hu\/index.php\/kapcsolat\/#primaryimage\",\"url\":\"https:\/\/www.bmhangszer.hu\/wp-content\/uploads\/2024\/06\/20240510_151814-scaled.jpg\",\"contentUrl\":\"https:\/\/www.bmhangszer.hu\/wp-content\/uploads\/2024\/06\/20240510_151814-scaled.jpg\",\"width\":2560,\"height\":1440},{\"@type\":\"BreadcrumbList\",\"@id\":\"https:\/\/www.bmhangszer.hu\/index.php\/kapcsolat\/#breadcrumb\",\"itemListElement\":[{\"@type\":\"ListItem\",\"position\":1,\"name\":\"Kezd\u0151lap\",\"item\":\"https:\/\/www.bmhangszer.hu\/\"},{\"@type\":\"ListItem\",\"position\":2,\"name\":\"Kapcsolat\"}]},{\"@type\":\"WebSite\",\"@id\":\"https:\/\/www.bmhangszer.hu\/#website\",\"url\":\"https:\/\/www.bmhangszer.hu\/\",\"name\":\"Balogh Mikl\u00f3s hangszer\u00e9sz\",\"description\":\"Balogh Mikl\u00f3s hangszer\u00e9sz\",\"publisher\":{\"@id\":\"https:\/\/www.bmhangszer.hu\/#\/schema\/person\/b6adc261c30e686fa88c78fdb7a63d00\"},\"potentialAction\":[{\"@type\":\"SearchAction\",\"target\":{\"@type\":\"EntryPoint\",\"urlTemplate\":\"https:\/\/www.bmhangszer.hu\/?s={search_term_string}\"},\"query-input\":{\"@type\":\"PropertyValueSpecification\",\"valueRequired\":true,\"valueName\":\"search_term_string\"}}],\"inLanguage\":\"hu\"},{\"@type\":[\"Person\",\"Organization\"],\"@id\":\"https:\/\/www.bmhangszer.hu\/#\/schema\/person\/b6adc261c30e686fa88c78fdb7a63d00\",\"name\":\"bmhangszer\",\"image\":{\"@type\":\"ImageObject\",\"inLanguage\":\"hu\",\"@id\":\"https:\/\/www.bmhangszer.hu\/#\/schema\/person\/image\/\",\"url\":\"https:\/\/www.bmhangszer.hu\/wp-content\/uploads\/2024\/06\/BMhangszer-logo-szines-cimmel_sticky-header.png\",\"contentUrl\":\"https:\/\/www.bmhangszer.hu\/wp-content\/uploads\/2024\/06\/BMhangszer-logo-szines-cimmel_sticky-header.png\",\"width\":1024,\"height\":636,\"caption\":\"bmhangszer\"},\"logo\":{\"@id\":\"https:\/\/www.bmhangszer.hu\/#\/schema\/person\/image\/\"},\"sameAs\":[\"https:\/\/www.bmhangszer.hu\"]}]}<\/script>\n<!-- \/ Yoast SEO plugin. -->","yoast_head_json":{"title":"Kapcsolat - Balogh Mikl\u00f3s hangszer\u00e9sz","robots":{"index":"index","follow":"follow","max-snippet":"max-snippet:-1","max-image-preview":"max-image-preview:large","max-video-preview":"max-video-preview:-1"},"canonical":"https:\/\/www.bmhangszer.hu\/index.php\/kapcsolat\/","og_locale":"hu_HU","og_type":"article","og_title":"Kapcsolat - Balogh Mikl\u00f3s hangszer\u00e9sz","og_description":"El\u00e9rhet\u0151s\u00e9gek","og_url":"https:\/\/www.bmhangszer.hu\/index.php\/kapcsolat\/","og_site_name":"Balogh Mikl\u00f3s hangszer\u00e9sz","article_modified_time":"2024-12-21T13:31:05+00:00","og_image":[{"url":"https:\/\/www.bmhangszer.hu\/wp-content\/uploads\/2024\/06\/20240510_151814-1024x576-700x393.jpg","type":"","width":"","height":""}],"twitter_card":"summary_large_image","twitter_misc":{"Becs\u00fclt olvas\u00e1si id\u0151":"2 perc"},"schema":{"@context":"https:\/\/schema.org","@graph":[{"@type":"WebPage","@id":"https:\/\/www.bmhangszer.hu\/index.php\/kapcsolat\/","url":"https:\/\/www.bmhangszer.hu\/index.php\/kapcsolat\/","name":"Kapcsolat - Balogh Mikl\u00f3s hangszer\u00e9sz","isPartOf":{"@id":"https:\/\/www.bmhangszer.hu\/#website"},"primaryImageOfPage":{"@id":"https:\/\/www.bmhangszer.hu\/index.php\/kapcsolat\/#primaryimage"},"image":{"@id":"https:\/\/www.bmhangszer.hu\/index.php\/kapcsolat\/#primaryimage"},"thumbnailUrl":"https:\/\/www.bmhangszer.hu\/wp-content\/uploads\/2024\/06\/20240510_151814-1024x576-700x393.jpg","datePublished":"2021-03-20T10:39:44+00:00","dateModified":"2024-12-21T13:31:05+00:00","breadcrumb":{"@id":"https:\/\/www.bmhangszer.hu\/index.php\/kapcsolat\/#breadcrumb"},"inLanguage":"hu","potentialAction":[{"@type":"ReadAction","target":["https:\/\/www.bmhangszer.hu\/index.php\/kapcsolat\/"]}]},{"@type":"ImageObject","inLanguage":"hu","@id":"https:\/\/www.bmhangszer.hu\/index.php\/kapcsolat\/#primaryimage","url":"https:\/\/www.bmhangszer.hu\/wp-content\/uploads\/2024\/06\/20240510_151814-scaled.jpg","contentUrl":"https:\/\/www.bmhangszer.hu\/wp-content\/uploads\/2024\/06\/20240510_151814-scaled.jpg","width":2560,"height":1440},{"@type":"BreadcrumbList","@id":"https:\/\/www.bmhangszer.hu\/index.php\/kapcsolat\/#breadcrumb","itemListElement":[{"@type":"ListItem","position":1,"name":"Kezd\u0151lap","item":"https:\/\/www.bmhangszer.hu\/"},{"@type":"ListItem","position":2,"name":"Kapcsolat"}]},{"@type":"WebSite","@id":"https:\/\/www.bmhangszer.hu\/#website","url":"https:\/\/www.bmhangszer.hu\/","name":"Balogh Mikl\u00f3s hangszer\u00e9sz","description":"Balogh Mikl\u00f3s hangszer\u00e9sz","publisher":{"@id":"https:\/\/www.bmhangszer.hu\/#\/schema\/person\/b6adc261c30e686fa88c78fdb7a63d00"},"potentialAction":[{"@type":"SearchAction","target":{"@type":"EntryPoint","urlTemplate":"https:\/\/www.bmhangszer.hu\/?s={search_term_string}"},"query-input":{"@type":"PropertyValueSpecification","valueRequired":true,"valueName":"search_term_string"}}],"inLanguage":"hu"},{"@type":["Person","Organization"],"@id":"https:\/\/www.bmhangszer.hu\/#\/schema\/person\/b6adc261c30e686fa88c78fdb7a63d00","name":"bmhangszer","image":{"@type":"ImageObject","inLanguage":"hu","@id":"https:\/\/www.bmhangszer.hu\/#\/schema\/person\/image\/","url":"https:\/\/www.bmhangszer.hu\/wp-content\/uploads\/2024\/06\/BMhangszer-logo-szines-cimmel_sticky-header.png","contentUrl":"https:\/\/www.bmhangszer.hu\/wp-content\/uploads\/2024\/06\/BMhangszer-logo-szines-cimmel_sticky-header.png","width":1024,"height":636,"caption":"bmhangszer"},"logo":{"@id":"https:\/\/www.bmhangszer.hu\/#\/schema\/person\/image\/"},"sameAs":["https:\/\/www.bmhangszer.hu"]}]}},"builder_content":"<h1 style=\"text-align: center;\">El\u00e9rhet\u0151s\u00e9gek<\/h1>\n<em style=\"color:#564639\" ><svg xmlns:xlink=\"http:\/\/www.w3.org\/1999\/xlink\" aria-hidden=\"true\"><use href=\"#tf-ti-location-pin\" xlink:href=\"#tf-ti-location-pin\"><\/use><\/svg><\/em> 1163 Budapest, Veres P\u00e9ter \u00fat 5.\n<em style=\"color:#564639\" ><svg xmlns:xlink=\"http:\/\/www.w3.org\/1999\/xlink\" aria-hidden=\"true\"><use href=\"#tf-ti-mobile\" xlink:href=\"#tf-ti-mobile\"><\/use><\/svg><\/em> +36-20-517-00-85\n<em style=\"color:#564639\" ><svg xmlns:xlink=\"http:\/\/www.w3.org\/1999\/xlink\" aria-hidden=\"true\"><use href=\"#tf-ti-email\" xlink:href=\"#tf-ti-email\"><\/use><\/svg><\/em> bm.hangszer[kukac]gmail.com\n<em style=\"color:#564639\" ><svg xmlns:xlink=\"http:\/\/www.w3.org\/1999\/xlink\" aria-hidden=\"true\"><use href=\"#tf-ti-time\" xlink:href=\"#tf-ti-time\"><\/use><\/svg><\/em> H\u00e9tf\u0151\u2013p\u00e9ntek: 9.00\u201317.00 <br \/>Szombat\u2013vas\u00e1rnap: z\u00e1rva <br \/>Miel\u0151tt felkeres, k\u00e9rem mindenk\u00e9ppen h\u00edvjon telefonon, mivel egyed\u00fcl vagyok, ha hangszert sz\u00e1ll\u00edtok ki zeneiskol\u00e1knak, vagy jav\u00edt\u00e1shoz sz\u00fcks\u00e9ges anyagokat szerzek be, ilyenkor sajnos be kell z\u00e1rnom. Amennyiben megbesz\u00e9l\u00fcnk egy id\u0151pontot, sz\u00e1m\u00edthat r\u00e1, hogy biztosan a m\u0171helyben leszek.\n<img src=\"https:\/\/www.bmhangszer.hu\/wp-content\/uploads\/2024\/06\/20240510_151814-1024x576-700x393.jpg\" width=\"700\" height=\"393\" title=\"20240510_151814\" alt=\"20240510_151814\" srcset=\"https:\/\/www.bmhangszer.hu\/wp-content\/uploads\/2024\/06\/20240510_151814-1024x576-700x393.jpg 700w, https:\/\/www.bmhangszer.hu\/wp-content\/uploads\/2024\/06\/20240510_151814-300x169.jpg 300w, https:\/\/www.bmhangszer.hu\/wp-content\/uploads\/2024\/06\/20240510_151814-1024x576.jpg 1024w, https:\/\/www.bmhangszer.hu\/wp-content\/uploads\/2024\/06\/20240510_151814-768x432.jpg 768w, https:\/\/www.bmhangszer.hu\/wp-content\/uploads\/2024\/06\/20240510_151814-1536x864.jpg 1536w, https:\/\/www.bmhangszer.hu\/wp-content\/uploads\/2024\/06\/20240510_151814-2048x1152.jpg 2048w\" sizes=\"(max-width: 700px) 100vw, 700px\" \/>\n<h2>Gyakran ism\u00e9telt k\u00e9rd\u00e9sek<\/h2>\n<ul><li><h4>Hogyan tudom megv\u00e1s\u00e1rolni a kiv\u00e1lasztott hangszert?<\/h4><p>A honlapon l\u00e1that\u00f3 hangszerek mind a m\u0171helyben megtal\u00e1lhat\u00f3k \u00e9s kipr\u00f3b\u00e1lhat\u00f3k. Mivel haszn\u00e1lt hangszerekr\u0151l\u00a0van sz\u00f3, mindenk\u00e9ppen sz\u00fcks\u00e9ges a szem\u00e9lyes \u00e1tv\u00e9tel \u00e9s \u00e1tvizsg\u00e1l\u00e1s a k\u00e9s\u0151bbi csal\u00f3d\u00e1sok \u00e9s f\u00e9lre\u00e9rt\u00e9sek elker\u00fcl\u00e9se \u00e9rdek\u00e9ben.<\/p><\/li><li><h4>Beszorult a f\u00fav\u00f3ka a hangszerembe. Hogyan tudom kivenni?<\/h4><p>Ha nem j\u00f6n ki a f\u00fav\u00f3ka, nem \u00e9rdemes h\u00e1zilag k\u00eds\u00e9rletezni, nagy val\u00f3sz\u00edn\u0171s\u00e9g szerint vagy a hangszernek vagy a f\u00fav\u00f3k\u00e1nak esik baja (esetleg mindkett\u0151nek). A m\u0171helyben p\u00e1r perc alatt s\u00e9r\u00fcl\u00e9s n\u00e9lk\u00fcl \u00e9s ingyen kih\u00fazom a hangszerb\u0151l.<\/p><\/li><li><h4>Beragadnak-leragadnak a billenty\u0171k a hangszeren. Mit lehet tenni?<\/h4><p>Nagy val\u00f3sz\u00edn\u0171s\u00e9g szerint lerak\u00f3d\u00e1sok miatt akadnak a g\u00e9pek, egy vegyszeres bels\u0151 tiszt\u00edt\u00e1s seg\u00edthet a probl\u00e9m\u00e1n.<\/p><\/li><\/ul>\n<p>A honlapon l\u00e1that\u00f3 hangszerek mind a m\u0171helyben megtal\u00e1lhat\u00f3k \u00e9s kipr\u00f3b\u00e1lhat\u00f3k. Mivel haszn\u00e1lt hangszerekr\u0151l\u00a0van sz\u00f3, mindenk\u00e9ppen sz\u00fcks\u00e9ges a szem\u00e9lyes \u00e1tv\u00e9tel \u00e9s \u00e1tvizsg\u00e1l\u00e1s a k\u00e9s\u0151bbi csal\u00f3d\u00e1sok \u00e9s f\u00e9lre\u00e9rt\u00e9sek elker\u00fcl\u00e9se \u00e9rdek\u00e9ben.<\/p>\n<p>Ha nem j\u00f6n ki a f\u00fav\u00f3ka, nem \u00e9rdemes h\u00e1zilag k\u00eds\u00e9rletezni, nagy val\u00f3sz\u00edn\u0171s\u00e9g szerint vagy a hangszernek vagy a f\u00fav\u00f3k\u00e1nak esik baja (esetleg mindkett\u0151nek). A m\u0171helyben p\u00e1r perc alatt s\u00e9r\u00fcl\u00e9s n\u00e9lk\u00fcl \u00e9s ingyen kih\u00fazom a hangszerb\u0151l.<\/p>\n<p>Nagy val\u00f3sz\u00edn\u0171s\u00e9g szerint lerak\u00f3d\u00e1sok miatt akadnak a g\u00e9pek, egy vegyszeres bels\u0151 tiszt\u00edt\u00e1s seg\u00edthet a probl\u00e9m\u00e1n.<\/p>","_links":{"self":[{"href":"https:\/\/www.bmhangszer.hu\/index.php\/wp-json\/wp\/v2\/pages\/9","targetHints":{"allow":["GET"]}}],"collection":[{"href":"https:\/\/www.bmhangszer.hu\/index.php\/wp-json\/wp\/v2\/pages"}],"about":[{"href":"https:\/\/www.bmhangszer.hu\/index.php\/wp-json\/wp\/v2\/types\/page"}],"author":[{"embeddable":true,"href":"https:\/\/www.bmhangszer.hu\/index.php\/wp-json\/wp\/v2\/users\/1"}],"replies":[{"embeddable":true,"href":"https:\/\/www.bmhangszer.hu\/index.php\/wp-json\/wp\/v2\/comments?post=9"}],"version-history":[{"count":13,"href":"https:\/\/www.bmhangszer.hu\/index.php\/wp-json\/wp\/v2\/pages\/9\/revisions"}],"predecessor-version":[{"id":322,"href":"https:\/\/www.bmhangszer.hu\/index.php\/wp-json\/wp\/v2\/pages\/9\/revisions\/322"}],"wp:attachment":[{"href":"https:\/\/www.bmhangszer.hu\/index.php\/wp-json\/wp\/v2\/media?parent=9"}],"curies":[{"name":"wp","href":"https:\/\/api.w.org\/{rel}","templated":true}]}}