{"id":44,"date":"2024-06-21T16:38:51","date_gmt":"2024-06-21T16:38:51","guid":{"rendered":"https:\/\/www.bmhangszer.hu\/?page_id=44"},"modified":"2026-02-14T19:25:09","modified_gmt":"2026-02-14T19:25:09","slug":"fafuvos-hangszerek","status":"publish","type":"page","link":"https:\/\/www.bmhangszer.hu\/index.php\/fafuvos-hangszerek\/","title":{"rendered":"Faf\u00fav\u00f3s hangszerek"},"content":{"rendered":"<!--themify_builder_content-->\n<div id=\"themify_builder_content-44\" data-postid=\"44\" class=\"themify_builder_content themify_builder_content-44 themify_builder tf_clear\">\n                    <div  data-lazy=\"1\" class=\"module_row themify_builder_row tb_mlwt942 tb_first tf_w\">\n                        <div class=\"row_inner col_align_top tb_col_count_6 tf_box tf_rel\">\n                        <div  data-lazy=\"1\" class=\"module_column tb-column col6-1 tb_ixlq942 first\">\n                    <!-- module image -->\n<div  class=\"module module-image tb_kfbc942 image-center rounded  tf_mw\" data-lazy=\"1\">\n        <div class=\"image-wrap tf_rel tf_mw\">\n            <a href=\"https:\/\/www.bmhangszer.hu\/index.php\/fafuvos-hangszerek\/yamaha-yfl-211-fuvola\/\">\n                   <img loading=\"lazy\" decoding=\"async\" src=\"https:\/\/www.bmhangszer.hu\/wp-content\/uploads\/2025\/05\/20250512_084242-1024x558-112x112.jpg\" width=\"112\" height=\"112\" class=\"wp-post-image wp-image-557\" title=\"Yamaha YFL-211 Fuvola\" alt=\"Yamaha YFL-211 Fuvola\" srcset=\"https:\/\/www.bmhangszer.hu\/wp-content\/uploads\/2025\/05\/20250512_084242-1024x558-112x112.jpg 112w, https:\/\/www.bmhangszer.hu\/wp-content\/uploads\/2025\/05\/20250512_084242-150x150.jpg 150w\" sizes=\"auto, (max-width: 112px) 100vw, 112px\" \/>        <\/a>\n    \n        <\/div>\n    <!-- \/image-wrap -->\n    \n        <div class=\"image-content\">\n                    <h3 class=\"image-title\">\n                                    <a href=\"https:\/\/www.bmhangszer.hu\/index.php\/fafuvos-hangszerek\/yamaha-yfl-211-fuvola\/\">\n                        Yamaha YFL-211 Fuvola                    <\/a>\n                            <\/h3>\n                    <\/div>\n    <!-- \/image-content -->\n        <\/div>\n<!-- \/module image -->        <\/div>\n                    <div  data-lazy=\"1\" class=\"module_column tb-column col6-1 tb_dmxg942\">\n                    <!-- module image -->\n<div  class=\"module module-image tb_dqqp942 image-center rounded  tf_mw\" data-lazy=\"1\">\n        <div class=\"image-wrap tf_rel tf_mw\">\n            <a href=\"https:\/\/www.bmhangszer.hu\/index.php\/fafuvos-hangszerek\/yamaha-yfl-311-fuvola\/\">\n                   <img loading=\"lazy\" decoding=\"async\" src=\"https:\/\/www.bmhangszer.hu\/wp-content\/uploads\/2024\/06\/Yamaha-YFL-311-Fuvola_01-1024x576-112x112.jpg\" width=\"112\" height=\"112\" class=\"wp-post-image wp-image-85\" title=\"Yamaha YFL-311 Fuvola\" alt=\"Yamaha YFL-311 Fuvola\" srcset=\"https:\/\/www.bmhangszer.hu\/wp-content\/uploads\/2024\/06\/Yamaha-YFL-311-Fuvola_01-1024x576-112x112.jpg 112w, https:\/\/www.bmhangszer.hu\/wp-content\/uploads\/2024\/06\/Yamaha-YFL-311-Fuvola_01-150x150.jpg 150w\" sizes=\"auto, (max-width: 112px) 100vw, 112px\" \/>        <\/a>\n    \n        <\/div>\n    <!-- \/image-wrap -->\n    \n        <div class=\"image-content\">\n                    <h3 class=\"image-title\">\n                                    <a href=\"https:\/\/www.bmhangszer.hu\/index.php\/fafuvos-hangszerek\/yamaha-yfl-311-fuvola\/\">\n                        Yamaha YFL-311 Fuvola                    <\/a>\n                            <\/h3>\n                    <\/div>\n    <!-- \/image-content -->\n        <\/div>\n<!-- \/module image -->        <\/div>\n                    <div  data-lazy=\"1\" class=\"module_column tb-column col6-1 tb_b4el942\">\n                    <!-- module image -->\n<div  class=\"module module-image tb_4y78942 image-center rounded  tf_mw\" data-lazy=\"1\">\n        <div class=\"image-wrap tf_rel tf_mw\">\n            <a href=\"https:\/\/www.bmhangszer.hu\/index.php\/fafuvos-hangszerek\/jupiter-jfl509\/\">\n                   <img loading=\"lazy\" decoding=\"async\" src=\"https:\/\/www.bmhangszer.hu\/wp-content\/uploads\/2025\/12\/20251209_140604-1024x576-112x112.jpg\" width=\"112\" height=\"112\" class=\"wp-post-image wp-image-930\" title=\"Jupiter JFL-509 kanyarfejes fuvola\" alt=\"Jupiter JFL-509 kanyarfejes fuvola\" srcset=\"https:\/\/www.bmhangszer.hu\/wp-content\/uploads\/2025\/12\/20251209_140604-1024x576-112x112.jpg 112w, https:\/\/www.bmhangszer.hu\/wp-content\/uploads\/2025\/12\/20251209_140604-150x150.jpg 150w\" sizes=\"auto, (max-width: 112px) 100vw, 112px\" \/>        <\/a>\n    \n        <\/div>\n    <!-- \/image-wrap -->\n    \n        <div class=\"image-content\">\n                    <h3 class=\"image-title\">\n                                    <a href=\"https:\/\/www.bmhangszer.hu\/index.php\/fafuvos-hangszerek\/jupiter-jfl509\/\">\n                        Jupiter JFL-509 kanyarfejes fuvola                    <\/a>\n                            <\/h3>\n                    <\/div>\n    <!-- \/image-content -->\n        <\/div>\n<!-- \/module image -->        <\/div>\n                    <div  data-lazy=\"1\" class=\"module_column tb-column col6-1 tb_47lu134\">\n                    <!-- module image -->\n<div  class=\"module module-image tb_gycu134 image-center rounded  tf_mw\" data-lazy=\"1\">\n        <div class=\"image-wrap tf_rel tf_mw\">\n            <a href=\"https:\/\/www.bmhangszer.hu\/index.php\/fafuvos-hangszerek\/yamaha-yas-25-alt-szaxofon\/\">\n                   <img loading=\"lazy\" decoding=\"async\" src=\"https:\/\/www.bmhangszer.hu\/wp-content\/uploads\/2026\/01\/20260121_154630-1024x394-112x112.jpg\" width=\"112\" height=\"112\" class=\"wp-post-image wp-image-1044\" title=\"Yamaha YAS-25 alt szaxofon\" alt=\"Yamaha YAS-25 alt szaxofon\" srcset=\"https:\/\/www.bmhangszer.hu\/wp-content\/uploads\/2026\/01\/20260121_154630-1024x394-112x112.jpg 112w, https:\/\/www.bmhangszer.hu\/wp-content\/uploads\/2026\/01\/20260121_154630-150x150.jpg 150w\" sizes=\"auto, (max-width: 112px) 100vw, 112px\" \/>        <\/a>\n    \n        <\/div>\n    <!-- \/image-wrap -->\n    \n        <div class=\"image-content\">\n                    <h3 class=\"image-title\">\n                                    <a href=\"https:\/\/www.bmhangszer.hu\/index.php\/fafuvos-hangszerek\/yamaha-yas-25-alt-szaxofon\/\">\n                        Yamaha YAS-25 alt szaxofon                    <\/a>\n                            <\/h3>\n                    <\/div>\n    <!-- \/image-content -->\n        <\/div>\n<!-- \/module image -->        <\/div>\n                    <div  data-lazy=\"1\" class=\"module_column tb-column col6-1 tb_dk68438\">\n                    <!-- module image -->\n<div  class=\"module module-image tb_os63484 image-center rounded  tf_mw\" data-lazy=\"1\">\n        <div class=\"image-wrap tf_rel tf_mw\">\n            <a href=\"https:\/\/www.bmhangszer.hu\/index.php\/fafuvos-hangszerek\/buffet-tradition-klarinet\/\">\n                   <img loading=\"lazy\" decoding=\"async\" src=\"https:\/\/www.bmhangszer.hu\/wp-content\/uploads\/2025\/05\/20250523_121622-1024x926-112x112.jpg\" width=\"112\" height=\"112\" class=\"wp-post-image wp-image-586\" title=\"Buffet Tradition B-klarin\u00e9t\" alt=\"Buffet Tradition B-klarin\u00e9t\" srcset=\"https:\/\/www.bmhangszer.hu\/wp-content\/uploads\/2025\/05\/20250523_121622-1024x926-112x112.jpg 112w, https:\/\/www.bmhangszer.hu\/wp-content\/uploads\/2025\/05\/20250523_121622-150x150.jpg 150w\" sizes=\"auto, (max-width: 112px) 100vw, 112px\" \/>        <\/a>\n    \n        <\/div>\n    <!-- \/image-wrap -->\n    \n        <div class=\"image-content\">\n                    <h3 class=\"image-title\">\n                                    <a href=\"https:\/\/www.bmhangszer.hu\/index.php\/fafuvos-hangszerek\/buffet-tradition-klarinet\/\">\n                        Buffet Tradition B-klarin\u00e9t                    <\/a>\n                            <\/h3>\n                    <\/div>\n    <!-- \/image-content -->\n        <\/div>\n<!-- \/module image -->        <\/div>\n                    <div  data-lazy=\"1\" class=\"module_column tb-column col6-1 tb_h8i3558 last\">\n                    <!-- module image -->\n<div  class=\"module module-image tb_mnbg483 image-center rounded  tf_mw\" data-lazy=\"1\">\n        <div class=\"image-wrap tf_rel tf_mw\">\n            <a href=\"https:\/\/www.bmhangszer.hu\/index.php\/fafuvos-hangszerek\/buffet-e13-klarinet\/\">\n                   <img loading=\"lazy\" decoding=\"async\" src=\"https:\/\/www.bmhangszer.hu\/wp-content\/uploads\/2025\/12\/buffet-e13-3-1024x576-112x112.jpg\" width=\"112\" height=\"112\" class=\"wp-post-image wp-image-871\" title=\"Buffet E13 B-klarin\u00e9t\" alt=\"Buffet E13 B-klarin\u00e9t\" srcset=\"https:\/\/www.bmhangszer.hu\/wp-content\/uploads\/2025\/12\/buffet-e13-3-1024x576-112x112.jpg 112w, https:\/\/www.bmhangszer.hu\/wp-content\/uploads\/2025\/12\/buffet-e13-3-150x150.jpg 150w\" sizes=\"auto, (max-width: 112px) 100vw, 112px\" \/>        <\/a>\n    \n        <\/div>\n    <!-- \/image-wrap -->\n    \n        <div class=\"image-content\">\n                    <h3 class=\"image-title\">\n                                    <a href=\"https:\/\/www.bmhangszer.hu\/index.php\/fafuvos-hangszerek\/buffet-e13-klarinet\/\">\n                        Buffet E13 B-klarin\u00e9t                    <\/a>\n                            <\/h3>\n                    <\/div>\n    <!-- \/image-content -->\n        <\/div>\n<!-- \/module image -->        <\/div>\n                        <\/div>\n        <\/div>\n                        <div  data-lazy=\"1\" class=\"module_row themify_builder_row tb_vvd8483 tf_w\">\n                        <div class=\"row_inner col_align_top tb_col_count_7 tf_box tf_rel\">\n                        <div  data-lazy=\"1\" class=\"module_column tb-column tb_25an483 first\">\n                            <\/div>\n                    <div  data-lazy=\"1\" class=\"module_column tb-column tb_o8j9713\">\n                            <\/div>\n                    <div  data-lazy=\"1\" class=\"module_column tb-column tb_8ywe484\">\n                            <\/div>\n                    <div  data-lazy=\"1\" class=\"module_column tb-column tb_puuz484\">\n                            <\/div>\n                    <div  data-lazy=\"1\" class=\"module_column tb-column tb_94fg963\">\n                            <\/div>\n                    <div  data-lazy=\"1\" class=\"module_column tb-column tb_3bab484\">\n                            <\/div>\n                    <div  data-lazy=\"1\" class=\"module_column tb-column tb_lx5j484 last\">\n                            <\/div>\n                        <\/div>\n        <\/div>\n        <\/div>\n<!--\/themify_builder_content-->","protected":false},"excerpt":{"rendered":"","protected":false},"author":1,"featured_media":0,"parent":0,"menu_order":0,"comment_status":"closed","ping_status":"closed","template":"","meta":{"footnotes":""},"class_list":["post-44","page","type-page","status-publish","hentry","has-post-title","has-post-date","has-post-category","has-post-tag","has-post-comment","has-post-author",""],"yoast_head":"<!-- This site is optimized with the Yoast SEO plugin v27.1.1 - https:\/\/yoast.com\/product\/yoast-seo-wordpress\/ -->\n<title>Faf\u00fav\u00f3s hangszerek - Balogh Mikl\u00f3s hangszer\u00e9sz<\/title>\n<meta name=\"robots\" content=\"index, follow, max-snippet:-1, max-image-preview:large, max-video-preview:-1\" \/>\n<link rel=\"canonical\" href=\"https:\/\/www.bmhangszer.hu\/index.php\/fafuvos-hangszerek\/\" \/>\n<meta property=\"og:locale\" content=\"hu_HU\" \/>\n<meta property=\"og:type\" content=\"article\" \/>\n<meta property=\"og:title\" content=\"Faf\u00fav\u00f3s hangszerek - Balogh Mikl\u00f3s hangszer\u00e9sz\" \/>\n<meta property=\"og:url\" content=\"https:\/\/www.bmhangszer.hu\/index.php\/fafuvos-hangszerek\/\" \/>\n<meta property=\"og:site_name\" content=\"Balogh Mikl\u00f3s hangszer\u00e9sz\" \/>\n<meta property=\"article:modified_time\" content=\"2026-02-14T19:25:09+00:00\" \/>\n<meta property=\"og:image\" content=\"https:\/\/www.bmhangszer.hu\/wp-content\/uploads\/2025\/05\/20250512_084242.jpg\" \/>\n\t<meta property=\"og:image:width\" content=\"1920\" \/>\n\t<meta property=\"og:image:height\" content=\"1047\" \/>\n\t<meta property=\"og:image:type\" content=\"image\/jpeg\" \/>\n<meta name=\"twitter:card\" content=\"summary_large_image\" \/>\n<script type=\"application\/ld+json\" class=\"yoast-schema-graph\">{\"@context\":\"https:\/\/schema.org\",\"@graph\":[{\"@type\":\"WebPage\",\"@id\":\"https:\/\/www.bmhangszer.hu\/index.php\/fafuvos-hangszerek\/\",\"url\":\"https:\/\/www.bmhangszer.hu\/index.php\/fafuvos-hangszerek\/\",\"name\":\"Faf\u00fav\u00f3s hangszerek - Balogh Mikl\u00f3s hangszer\u00e9sz\",\"isPartOf\":{\"@id\":\"https:\/\/www.bmhangszer.hu\/#website\"},\"primaryImageOfPage\":{\"@id\":\"https:\/\/www.bmhangszer.hu\/index.php\/fafuvos-hangszerek\/#primaryimage\"},\"image\":{\"@id\":\"https:\/\/www.bmhangszer.hu\/index.php\/fafuvos-hangszerek\/#primaryimage\"},\"thumbnailUrl\":\"https:\/\/www.bmhangszer.hu\/wp-content\/uploads\/2025\/05\/20250512_084242-1024x558-112x112.jpg\",\"datePublished\":\"2024-06-21T16:38:51+00:00\",\"dateModified\":\"2026-02-14T19:25:09+00:00\",\"breadcrumb\":{\"@id\":\"https:\/\/www.bmhangszer.hu\/index.php\/fafuvos-hangszerek\/#breadcrumb\"},\"inLanguage\":\"hu\",\"potentialAction\":[{\"@type\":\"ReadAction\",\"target\":[\"https:\/\/www.bmhangszer.hu\/index.php\/fafuvos-hangszerek\/\"]}]},{\"@type\":\"ImageObject\",\"inLanguage\":\"hu\",\"@id\":\"https:\/\/www.bmhangszer.hu\/index.php\/fafuvos-hangszerek\/#primaryimage\",\"url\":\"https:\/\/www.bmhangszer.hu\/wp-content\/uploads\/2025\/05\/20250512_084242.jpg\",\"contentUrl\":\"https:\/\/www.bmhangszer.hu\/wp-content\/uploads\/2025\/05\/20250512_084242.jpg\",\"width\":1920,\"height\":1047},{\"@type\":\"BreadcrumbList\",\"@id\":\"https:\/\/www.bmhangszer.hu\/index.php\/fafuvos-hangszerek\/#breadcrumb\",\"itemListElement\":[{\"@type\":\"ListItem\",\"position\":1,\"name\":\"Kezd\u0151lap\",\"item\":\"https:\/\/www.bmhangszer.hu\/\"},{\"@type\":\"ListItem\",\"position\":2,\"name\":\"Faf\u00fav\u00f3s hangszerek\"}]},{\"@type\":\"WebSite\",\"@id\":\"https:\/\/www.bmhangszer.hu\/#website\",\"url\":\"https:\/\/www.bmhangszer.hu\/\",\"name\":\"Balogh Mikl\u00f3s hangszer\u00e9sz\",\"description\":\"Balogh Mikl\u00f3s hangszer\u00e9sz\",\"publisher\":{\"@id\":\"https:\/\/www.bmhangszer.hu\/#\/schema\/person\/b6adc261c30e686fa88c78fdb7a63d00\"},\"potentialAction\":[{\"@type\":\"SearchAction\",\"target\":{\"@type\":\"EntryPoint\",\"urlTemplate\":\"https:\/\/www.bmhangszer.hu\/?s={search_term_string}\"},\"query-input\":{\"@type\":\"PropertyValueSpecification\",\"valueRequired\":true,\"valueName\":\"search_term_string\"}}],\"inLanguage\":\"hu\"},{\"@type\":[\"Person\",\"Organization\"],\"@id\":\"https:\/\/www.bmhangszer.hu\/#\/schema\/person\/b6adc261c30e686fa88c78fdb7a63d00\",\"name\":\"bmhangszer\",\"image\":{\"@type\":\"ImageObject\",\"inLanguage\":\"hu\",\"@id\":\"https:\/\/www.bmhangszer.hu\/#\/schema\/person\/image\/\",\"url\":\"https:\/\/www.bmhangszer.hu\/wp-content\/uploads\/2024\/06\/BMhangszer-logo-szines-cimmel_sticky-header.png\",\"contentUrl\":\"https:\/\/www.bmhangszer.hu\/wp-content\/uploads\/2024\/06\/BMhangszer-logo-szines-cimmel_sticky-header.png\",\"width\":1024,\"height\":636,\"caption\":\"bmhangszer\"},\"logo\":{\"@id\":\"https:\/\/www.bmhangszer.hu\/#\/schema\/person\/image\/\"},\"sameAs\":[\"https:\/\/www.bmhangszer.hu\"]}]}<\/script>\n<!-- \/ Yoast SEO plugin. -->","yoast_head_json":{"title":"Faf\u00fav\u00f3s hangszerek - Balogh Mikl\u00f3s hangszer\u00e9sz","robots":{"index":"index","follow":"follow","max-snippet":"max-snippet:-1","max-image-preview":"max-image-preview:large","max-video-preview":"max-video-preview:-1"},"canonical":"https:\/\/www.bmhangszer.hu\/index.php\/fafuvos-hangszerek\/","og_locale":"hu_HU","og_type":"article","og_title":"Faf\u00fav\u00f3s hangszerek - Balogh Mikl\u00f3s hangszer\u00e9sz","og_url":"https:\/\/www.bmhangszer.hu\/index.php\/fafuvos-hangszerek\/","og_site_name":"Balogh Mikl\u00f3s hangszer\u00e9sz","article_modified_time":"2026-02-14T19:25:09+00:00","og_image":[{"width":1920,"height":1047,"url":"https:\/\/www.bmhangszer.hu\/wp-content\/uploads\/2025\/05\/20250512_084242.jpg","type":"image\/jpeg"}],"twitter_card":"summary_large_image","schema":{"@context":"https:\/\/schema.org","@graph":[{"@type":"WebPage","@id":"https:\/\/www.bmhangszer.hu\/index.php\/fafuvos-hangszerek\/","url":"https:\/\/www.bmhangszer.hu\/index.php\/fafuvos-hangszerek\/","name":"Faf\u00fav\u00f3s hangszerek - Balogh Mikl\u00f3s hangszer\u00e9sz","isPartOf":{"@id":"https:\/\/www.bmhangszer.hu\/#website"},"primaryImageOfPage":{"@id":"https:\/\/www.bmhangszer.hu\/index.php\/fafuvos-hangszerek\/#primaryimage"},"image":{"@id":"https:\/\/www.bmhangszer.hu\/index.php\/fafuvos-hangszerek\/#primaryimage"},"thumbnailUrl":"https:\/\/www.bmhangszer.hu\/wp-content\/uploads\/2025\/05\/20250512_084242-1024x558-112x112.jpg","datePublished":"2024-06-21T16:38:51+00:00","dateModified":"2026-02-14T19:25:09+00:00","breadcrumb":{"@id":"https:\/\/www.bmhangszer.hu\/index.php\/fafuvos-hangszerek\/#breadcrumb"},"inLanguage":"hu","potentialAction":[{"@type":"ReadAction","target":["https:\/\/www.bmhangszer.hu\/index.php\/fafuvos-hangszerek\/"]}]},{"@type":"ImageObject","inLanguage":"hu","@id":"https:\/\/www.bmhangszer.hu\/index.php\/fafuvos-hangszerek\/#primaryimage","url":"https:\/\/www.bmhangszer.hu\/wp-content\/uploads\/2025\/05\/20250512_084242.jpg","contentUrl":"https:\/\/www.bmhangszer.hu\/wp-content\/uploads\/2025\/05\/20250512_084242.jpg","width":1920,"height":1047},{"@type":"BreadcrumbList","@id":"https:\/\/www.bmhangszer.hu\/index.php\/fafuvos-hangszerek\/#breadcrumb","itemListElement":[{"@type":"ListItem","position":1,"name":"Kezd\u0151lap","item":"https:\/\/www.bmhangszer.hu\/"},{"@type":"ListItem","position":2,"name":"Faf\u00fav\u00f3s hangszerek"}]},{"@type":"WebSite","@id":"https:\/\/www.bmhangszer.hu\/#website","url":"https:\/\/www.bmhangszer.hu\/","name":"Balogh Mikl\u00f3s hangszer\u00e9sz","description":"Balogh Mikl\u00f3s hangszer\u00e9sz","publisher":{"@id":"https:\/\/www.bmhangszer.hu\/#\/schema\/person\/b6adc261c30e686fa88c78fdb7a63d00"},"potentialAction":[{"@type":"SearchAction","target":{"@type":"EntryPoint","urlTemplate":"https:\/\/www.bmhangszer.hu\/?s={search_term_string}"},"query-input":{"@type":"PropertyValueSpecification","valueRequired":true,"valueName":"search_term_string"}}],"inLanguage":"hu"},{"@type":["Person","Organization"],"@id":"https:\/\/www.bmhangszer.hu\/#\/schema\/person\/b6adc261c30e686fa88c78fdb7a63d00","name":"bmhangszer","image":{"@type":"ImageObject","inLanguage":"hu","@id":"https:\/\/www.bmhangszer.hu\/#\/schema\/person\/image\/","url":"https:\/\/www.bmhangszer.hu\/wp-content\/uploads\/2024\/06\/BMhangszer-logo-szines-cimmel_sticky-header.png","contentUrl":"https:\/\/www.bmhangszer.hu\/wp-content\/uploads\/2024\/06\/BMhangszer-logo-szines-cimmel_sticky-header.png","width":1024,"height":636,"caption":"bmhangszer"},"logo":{"@id":"https:\/\/www.bmhangszer.hu\/#\/schema\/person\/image\/"},"sameAs":["https:\/\/www.bmhangszer.hu"]}]}},"builder_content":"<a href=\"https:\/\/www.bmhangszer.hu\/index.php\/fafuvos-hangszerek\/yamaha-yfl-211-fuvola\/\"> <img src=\"https:\/\/www.bmhangszer.hu\/wp-content\/uploads\/2025\/05\/20250512_084242-1024x558-112x112.jpg\" width=\"112\" height=\"112\" title=\"Yamaha YFL-211 Fuvola\" alt=\"Yamaha YFL-211 Fuvola\" srcset=\"https:\/\/www.bmhangszer.hu\/wp-content\/uploads\/2025\/05\/20250512_084242-1024x558-112x112.jpg 112w, https:\/\/www.bmhangszer.hu\/wp-content\/uploads\/2025\/05\/20250512_084242-150x150.jpg 150w\" sizes=\"(max-width: 112px) 100vw, 112px\" \/> <\/a> <h3> <a href=\"https:\/\/www.bmhangszer.hu\/index.php\/fafuvos-hangszerek\/yamaha-yfl-211-fuvola\/\"> Yamaha YFL-211 Fuvola <\/a> <\/h3>\n<a href=\"https:\/\/www.bmhangszer.hu\/index.php\/fafuvos-hangszerek\/yamaha-yfl-311-fuvola\/\"> <img src=\"https:\/\/www.bmhangszer.hu\/wp-content\/uploads\/2024\/06\/Yamaha-YFL-311-Fuvola_01-1024x576-112x112.jpg\" width=\"112\" height=\"112\" title=\"Yamaha YFL-311 Fuvola\" alt=\"Yamaha YFL-311 Fuvola\" srcset=\"https:\/\/www.bmhangszer.hu\/wp-content\/uploads\/2024\/06\/Yamaha-YFL-311-Fuvola_01-1024x576-112x112.jpg 112w, https:\/\/www.bmhangszer.hu\/wp-content\/uploads\/2024\/06\/Yamaha-YFL-311-Fuvola_01-150x150.jpg 150w\" sizes=\"(max-width: 112px) 100vw, 112px\" \/> <\/a> <h3> <a href=\"https:\/\/www.bmhangszer.hu\/index.php\/fafuvos-hangszerek\/yamaha-yfl-311-fuvola\/\"> Yamaha YFL-311 Fuvola <\/a> <\/h3>\n<a href=\"https:\/\/www.bmhangszer.hu\/index.php\/fafuvos-hangszerek\/jupiter-jfl509\/\"> <img src=\"https:\/\/www.bmhangszer.hu\/wp-content\/uploads\/2025\/12\/20251209_140604-1024x576-112x112.jpg\" width=\"112\" height=\"112\" title=\"Jupiter JFL-509 kanyarfejes fuvola\" alt=\"Jupiter JFL-509 kanyarfejes fuvola\" srcset=\"https:\/\/www.bmhangszer.hu\/wp-content\/uploads\/2025\/12\/20251209_140604-1024x576-112x112.jpg 112w, https:\/\/www.bmhangszer.hu\/wp-content\/uploads\/2025\/12\/20251209_140604-150x150.jpg 150w\" sizes=\"(max-width: 112px) 100vw, 112px\" \/> <\/a> <h3> <a href=\"https:\/\/www.bmhangszer.hu\/index.php\/fafuvos-hangszerek\/jupiter-jfl509\/\"> Jupiter JFL-509 kanyarfejes fuvola <\/a> <\/h3>\n<a href=\"https:\/\/www.bmhangszer.hu\/index.php\/fafuvos-hangszerek\/yamaha-yas-25-alt-szaxofon\/\"> <img src=\"https:\/\/www.bmhangszer.hu\/wp-content\/uploads\/2026\/01\/20260121_154630-1024x394-112x112.jpg\" width=\"112\" height=\"112\" title=\"Yamaha YAS-25 alt szaxofon\" alt=\"Yamaha YAS-25 alt szaxofon\" srcset=\"https:\/\/www.bmhangszer.hu\/wp-content\/uploads\/2026\/01\/20260121_154630-1024x394-112x112.jpg 112w, https:\/\/www.bmhangszer.hu\/wp-content\/uploads\/2026\/01\/20260121_154630-150x150.jpg 150w\" sizes=\"(max-width: 112px) 100vw, 112px\" \/> <\/a> <h3> <a href=\"https:\/\/www.bmhangszer.hu\/index.php\/fafuvos-hangszerek\/yamaha-yas-25-alt-szaxofon\/\"> Yamaha YAS-25 alt szaxofon <\/a> <\/h3>\n<a href=\"https:\/\/www.bmhangszer.hu\/index.php\/fafuvos-hangszerek\/buffet-tradition-klarinet\/\"> <img src=\"https:\/\/www.bmhangszer.hu\/wp-content\/uploads\/2025\/05\/20250523_121622-1024x926-112x112.jpg\" width=\"112\" height=\"112\" title=\"Buffet Tradition B-klarin\u00e9t\" alt=\"Buffet Tradition B-klarin\u00e9t\" srcset=\"https:\/\/www.bmhangszer.hu\/wp-content\/uploads\/2025\/05\/20250523_121622-1024x926-112x112.jpg 112w, https:\/\/www.bmhangszer.hu\/wp-content\/uploads\/2025\/05\/20250523_121622-150x150.jpg 150w\" sizes=\"(max-width: 112px) 100vw, 112px\" \/> <\/a> <h3> <a href=\"https:\/\/www.bmhangszer.hu\/index.php\/fafuvos-hangszerek\/buffet-tradition-klarinet\/\"> Buffet Tradition B-klarin\u00e9t <\/a> <\/h3>\n<a href=\"https:\/\/www.bmhangszer.hu\/index.php\/fafuvos-hangszerek\/buffet-e13-klarinet\/\"> <img src=\"https:\/\/www.bmhangszer.hu\/wp-content\/uploads\/2025\/12\/buffet-e13-3-1024x576-112x112.jpg\" width=\"112\" height=\"112\" title=\"Buffet E13 B-klarin\u00e9t\" alt=\"Buffet E13 B-klarin\u00e9t\" srcset=\"https:\/\/www.bmhangszer.hu\/wp-content\/uploads\/2025\/12\/buffet-e13-3-1024x576-112x112.jpg 112w, https:\/\/www.bmhangszer.hu\/wp-content\/uploads\/2025\/12\/buffet-e13-3-150x150.jpg 150w\" sizes=\"(max-width: 112px) 100vw, 112px\" \/> <\/a> <h3> <a href=\"https:\/\/www.bmhangszer.hu\/index.php\/fafuvos-hangszerek\/buffet-e13-klarinet\/\"> Buffet E13 B-klarin\u00e9t <\/a> <\/h3>","_links":{"self":[{"href":"https:\/\/www.bmhangszer.hu\/index.php\/wp-json\/wp\/v2\/pages\/44","targetHints":{"allow":["GET"]}}],"collection":[{"href":"https:\/\/www.bmhangszer.hu\/index.php\/wp-json\/wp\/v2\/pages"}],"about":[{"href":"https:\/\/www.bmhangszer.hu\/index.php\/wp-json\/wp\/v2\/types\/page"}],"author":[{"embeddable":true,"href":"https:\/\/www.bmhangszer.hu\/index.php\/wp-json\/wp\/v2\/users\/1"}],"replies":[{"embeddable":true,"href":"https:\/\/www.bmhangszer.hu\/index.php\/wp-json\/wp\/v2\/comments?post=44"}],"version-history":[{"count":83,"href":"https:\/\/www.bmhangszer.hu\/index.php\/wp-json\/wp\/v2\/pages\/44\/revisions"}],"predecessor-version":[{"id":1089,"href":"https:\/\/www.bmhangszer.hu\/index.php\/wp-json\/wp\/v2\/pages\/44\/revisions\/1089"}],"wp:attachment":[{"href":"https:\/\/www.bmhangszer.hu\/index.php\/wp-json\/wp\/v2\/media?parent=44"}],"curies":[{"name":"wp","href":"https:\/\/api.w.org\/{rel}","templated":true}]}}