{"id":1062,"date":"2026-01-21T20:13:29","date_gmt":"2026-01-21T20:13:29","guid":{"rendered":"https:\/\/www.bmhangszer.hu\/index.php\/rezfuvos-hangszerek\/getzen-300-trombita-copy\/"},"modified":"2026-01-21T20:19:20","modified_gmt":"2026-01-21T20:19:20","slug":"getzen-300-trombita-2","status":"publish","type":"page","link":"https:\/\/www.bmhangszer.hu\/index.php\/rezfuvos-hangszerek\/getzen-300-trombita-2\/","title":{"rendered":"Getzen 300 ez\u00fcst\u00f6z\u00f6tt Trombita"},"content":{"rendered":"<!--themify_builder_content-->\n<div id=\"themify_builder_content-1062\" data-postid=\"1062\" class=\"themify_builder_content themify_builder_content-1062 themify_builder tf_clear\">\n                    <div  data-lazy=\"1\" class=\"module_row themify_builder_row tb_abwd400 tb_first tf_w\">\n                        <div class=\"row_inner col_align_top tb_col_count_1 tf_box tf_rel\">\n                        <div  data-lazy=\"1\" class=\"module_column tb-column col-full tb_2xgd011 first\">\n                            <div  data-lazy=\"1\" class=\"module_subrow themify_builder_sub_row tf_w col_align_top tb_col_count_2 tb_1hrk100\">\n                <div  data-lazy=\"1\" class=\"module_column sub_column col4-2 tb_rzzq010 first\">\n                    <!-- module text -->\n<div  class=\"module module-text tb_zr30034   \" data-lazy=\"1\">\n        <div  class=\"tb_text_wrap\">\n        <h1>Getzen 300 ez\u00fcst\u00f6z\u00f6tt trombita<\/h1>\n<p>Nagyon sz\u00e9p \u00e1llapot\u00fa haszn\u00e1lt trombita.<\/p>\n<p>Tokkal, f\u00fav\u00f3k\u00e1val, frissen szervizelve.<\/p>    <\/div>\n<\/div>\n<!-- \/module text --><!-- module icon -->\n<div  class=\"module module-icon tb_g7on014    icon_horizontal \" data-lazy=\"1\">\n\t\t\t<div class=\"module-icon-item\">\n\t\t\t\t\t\t\t\t\t\t\t\t\t\t\t\t<em class=\"tf_box\"\n\t\t\t\t\t\t\t\t\t\t\t\t style=\"background-color:#b59a79;color:#f8f3ec\"\t\t\t\t\t><svg  class=\"tf_fa tf-fas-coins\" xmlns:xlink=\"http:\/\/www.w3.org\/1999\/xlink\" aria-hidden=\"true\"><use href=\"#tf-fas-coins\" xlink:href=\"#tf-fas-coins\"><\/use><\/svg><\/em>\n\t\t\t\t\t\t\t\t\t\t\t\t\t\t\t\t\t\t\t<span>240.000,-Ft<\/span>\n\t\t\t\t\t\t\t\t\t\t\t\t\t\t\t<\/div>\n\t<\/div>\n<!-- \/module icon -->\n        <\/div>\n                    <div  data-lazy=\"1\" class=\"module_column sub_column col4-2 tb_00d9747 last\">\n                    <!-- module gallery -->\n<div  class=\"module gallery module-gallery tb_nwlq401 layout-slider rounded \" data-lazy=\"1\">\n                <div class=\"themify_builder_slider_vertical tf_rel\">\n                <div class=\"tf_swiper-container tf_carousel themify_builder_slider tf_rel tf_overflow\"\n              data-lazy=\"1\"                data-pager=\"1\"\n                data-speed=\"1\"\n                data-slider_nav=\"1\"\n                data-wrapvar=\"1\"\n                data-height=\"variable\"\n                                    data-effect=\"scroll\"\n                                        data-css_url=\"https:\/\/www.bmhangszer.hu\/wp-content\/themes\/themify-ultra\/themify\/themify-builder\/css\/modules\/sliders\/carousel,https:\/\/www.bmhangszer.hu\/wp-content\/themes\/themify-ultra\/themify\/themify-builder\/css\/modules\/sliders\/gallery\"\n                                                                                 data-visible=\"1\" \n                data-tab-visible=\"\"\n                data-mob-visible=\"\"\n                data-scroll=\"1\"\n                                         >\n            <div class=\"tf_swiper-wrapper tf_lazy tf_rel tf_w tf_h tf_textc\">\n                                                    <div class=\"tf_swiper-slide\" style=\"\">\n                        <div class=\"slide-inner-wrap\">\n                            <div class=\"tf_lazy slide-image gallery-icon\">\n                            <a href=\"https:\/\/www.bmhangszer.hu\/wp-content\/uploads\/2026\/01\/20260121_154116.jpg\" class=\"themify_lightbox\"><img src=\"data:image\/svg+xml,%3Csvg%20xmlns=%27http:\/\/www.w3.org\/2000\/svg%27%20width='1920'%20height='645'%20viewBox=%270%200%201920%20645%27%3E%3C\/svg%3E\" loading=\"lazy\" data-lazy=\"1\" data-tf-not-load=\"1\" style=\"background:linear-gradient(to right,#363835 25%,#30302e 25% 50%,#2d2d2d 50% 75%,#20221f 75%),linear-gradient(to right,#444035 25%,#c9c1b6 25% 50%,#8d8384 50% 75%,#d1c4b1 75%),linear-gradient(to right,#242520 25%,#6b757e 25% 50%,#b19a8c 50% 75%,#0f0f11 75%),linear-gradient(to right,#2b2c27 25%,#4f5972 25% 50%,#16151b 50% 75%,#131512 75%)\" decoding=\"async\" width=\"1920\" height=\"645\" data-tf-src=\"https:\/\/www.bmhangszer.hu\/wp-content\/uploads\/2026\/01\/20260121_154116.jpg\" class=\"tf_svg_lazy wp-post-image wp-image-1067\" title=\"20260121_154116\" alt=\"20260121_154116\" data-tf-srcset=\"https:\/\/www.bmhangszer.hu\/wp-content\/uploads\/2026\/01\/20260121_154116.jpg 1920w, https:\/\/www.bmhangszer.hu\/wp-content\/uploads\/2026\/01\/20260121_154116-300x101.jpg 300w, https:\/\/www.bmhangszer.hu\/wp-content\/uploads\/2026\/01\/20260121_154116-1024x344.jpg 1024w, https:\/\/www.bmhangszer.hu\/wp-content\/uploads\/2026\/01\/20260121_154116-768x258.jpg 768w, https:\/\/www.bmhangszer.hu\/wp-content\/uploads\/2026\/01\/20260121_154116-1536x516.jpg 1536w\" data-tf-sizes=\"(max-width: 1920px) 100vw, 1920px\" \/><noscript><img loading=\"lazy\" decoding=\"async\" width=\"1920\" height=\"645\" data-tf-not-load src=\"https:\/\/www.bmhangszer.hu\/wp-content\/uploads\/2026\/01\/20260121_154116.jpg\" class=\"wp-post-image wp-image-1067\" title=\"20260121_154116\" alt=\"20260121_154116\" srcset=\"https:\/\/www.bmhangszer.hu\/wp-content\/uploads\/2026\/01\/20260121_154116.jpg 1920w, https:\/\/www.bmhangszer.hu\/wp-content\/uploads\/2026\/01\/20260121_154116-300x101.jpg 300w, https:\/\/www.bmhangszer.hu\/wp-content\/uploads\/2026\/01\/20260121_154116-1024x344.jpg 1024w, https:\/\/www.bmhangszer.hu\/wp-content\/uploads\/2026\/01\/20260121_154116-768x258.jpg 768w, https:\/\/www.bmhangszer.hu\/wp-content\/uploads\/2026\/01\/20260121_154116-1536x516.jpg 1536w\" sizes=\"auto, (max-width: 1920px) 100vw, 1920px\" \/><\/noscript><\/a>                            <\/div>\n                                                    <\/div><\/div>\n                                    <div class=\"tf_swiper-slide\" style=\"display:none\">\n                        <div class=\"slide-inner-wrap\">\n                            <div class=\"tf_lazy slide-image gallery-icon\">\n                            <a href=\"https:\/\/www.bmhangszer.hu\/wp-content\/uploads\/2026\/01\/20260121_154127.jpg\" class=\"themify_lightbox\"><img src=\"data:image\/svg+xml,%3Csvg%20xmlns=%27http:\/\/www.w3.org\/2000\/svg%27%20width='1920'%20height='669'%20viewBox=%270%200%201920%20669%27%3E%3C\/svg%3E\" loading=\"lazy\" data-lazy=\"1\" data-tf-not-load=\"1\" style=\"background:linear-gradient(to right,#2b2b29 25%,#2a2a2a 25% 50%,#2c2c2c 50% 75%,#222220 75%),linear-gradient(to right,#d7c9bc 25%,#d4ccc1 25% 50%,#fffffd 50% 75%,#d4d7de 75%),linear-gradient(to right,#1b1b19 25%,#282725 25% 50%,#1d1c18 50% 75%,#242623 75%),linear-gradient(to right,#30302e 25%,#1f1f21 25% 50%,#ab9b8e 50% 75%,#121212 75%)\" decoding=\"async\" width=\"1920\" height=\"669\" data-tf-src=\"https:\/\/www.bmhangszer.hu\/wp-content\/uploads\/2026\/01\/20260121_154127.jpg\" class=\"tf_svg_lazy wp-post-image wp-image-1066\" title=\"20260121_154127\" alt=\"20260121_154127\" data-tf-srcset=\"https:\/\/www.bmhangszer.hu\/wp-content\/uploads\/2026\/01\/20260121_154127.jpg 1920w, https:\/\/www.bmhangszer.hu\/wp-content\/uploads\/2026\/01\/20260121_154127-300x105.jpg 300w, https:\/\/www.bmhangszer.hu\/wp-content\/uploads\/2026\/01\/20260121_154127-1024x357.jpg 1024w, https:\/\/www.bmhangszer.hu\/wp-content\/uploads\/2026\/01\/20260121_154127-768x268.jpg 768w, https:\/\/www.bmhangszer.hu\/wp-content\/uploads\/2026\/01\/20260121_154127-1536x535.jpg 1536w\" data-tf-sizes=\"(max-width: 1920px) 100vw, 1920px\" \/><noscript><img loading=\"lazy\" decoding=\"async\" width=\"1920\" height=\"669\" data-tf-not-load src=\"https:\/\/www.bmhangszer.hu\/wp-content\/uploads\/2026\/01\/20260121_154127.jpg\" class=\"wp-post-image wp-image-1066\" title=\"20260121_154127\" alt=\"20260121_154127\" srcset=\"https:\/\/www.bmhangszer.hu\/wp-content\/uploads\/2026\/01\/20260121_154127.jpg 1920w, https:\/\/www.bmhangszer.hu\/wp-content\/uploads\/2026\/01\/20260121_154127-300x105.jpg 300w, https:\/\/www.bmhangszer.hu\/wp-content\/uploads\/2026\/01\/20260121_154127-1024x357.jpg 1024w, https:\/\/www.bmhangszer.hu\/wp-content\/uploads\/2026\/01\/20260121_154127-768x268.jpg 768w, https:\/\/www.bmhangszer.hu\/wp-content\/uploads\/2026\/01\/20260121_154127-1536x535.jpg 1536w\" sizes=\"auto, (max-width: 1920px) 100vw, 1920px\" \/><\/noscript><\/a>                            <\/div>\n                                                    <\/div><\/div>\n                            <\/div>\n        <\/div>\n                <\/div>\n    <\/div>\n<!-- \/module gallery -->        <\/div>\n                    <\/div>\n        <!-- module text -->\n<div  class=\"module module-text tb_ic1t111   \" data-lazy=\"1\">\n        <div  class=\"tb_text_wrap\">\n        <p style=\"text-align: right;\"><a href=\"https:\/\/www.bmhangszer.hu\/index.php\/rezfuvos-hangszerek\/\">\u2190 Vissza a r\u00e9zf\u00fav\u00f3s hangszerekhez<\/a><\/p>    <\/div>\n<\/div>\n<!-- \/module text -->        <\/div>\n                        <\/div>\n        <\/div>\n        <\/div>\n<!--\/themify_builder_content-->","protected":false},"excerpt":{"rendered":"<p>Getzen 300 ez\u00fcst\u00f6z\u00f6tt trombita Nagyon sz\u00e9p \u00e1llapot\u00fa haszn\u00e1lt trombita. Tokkal, f\u00fav\u00f3k\u00e1val, frissen szervizelve.<\/p>\n","protected":false},"author":1,"featured_media":0,"parent":42,"menu_order":1,"comment_status":"closed","ping_status":"closed","template":"","meta":{"footnotes":""},"class_list":["post-1062","page","type-page","status-publish","hentry","has-post-title","has-post-date","has-post-category","has-post-tag","has-post-comment","has-post-author",""],"yoast_head":"<!-- This site is optimized with the Yoast SEO plugin v27.1.1 - https:\/\/yoast.com\/product\/yoast-seo-wordpress\/ -->\n<title>Getzen 300 ez\u00fcst\u00f6z\u00f6tt Trombita - Balogh Mikl\u00f3s hangszer\u00e9sz<\/title>\n<meta name=\"description\" content=\"Nagyon sz\u00e9p \u00e1llapot\u00fa haszn\u00e1lt trombita. Ez\u00fcst\u00f6z\u00f6tt, tokkal, f\u00fav\u00f3k\u00e1val, frissen szervizelve.\" \/>\n<meta name=\"robots\" content=\"index, follow, max-snippet:-1, max-image-preview:large, max-video-preview:-1\" \/>\n<link rel=\"canonical\" href=\"https:\/\/www.bmhangszer.hu\/index.php\/rezfuvos-hangszerek\/getzen-300-trombita-2\/\" \/>\n<meta property=\"og:locale\" content=\"hu_HU\" \/>\n<meta property=\"og:type\" content=\"article\" \/>\n<meta property=\"og:title\" content=\"Yamaha 4335 trombita\" \/>\n<meta property=\"og:description\" content=\"Nagyon sz\u00e9p \u00e1llapot\u00fa haszn\u00e1lt trombita. Ez\u00fcst\u00f6z\u00f6tt, tokkal, f\u00fav\u00f3k\u00e1val, frissen szervizelve.\" \/>\n<meta property=\"og:url\" content=\"https:\/\/www.bmhangszer.hu\/index.php\/rezfuvos-hangszerek\/getzen-300-trombita-2\/\" \/>\n<meta property=\"og:site_name\" content=\"Balogh Mikl\u00f3s hangszer\u00e9sz\" \/>\n<meta property=\"article:modified_time\" content=\"2026-01-21T20:19:20+00:00\" \/>\n<meta property=\"og:image\" content=\"https:\/\/www.bmhangszer.hu\/wp-content\/uploads\/2024\/09\/20240912_125454-scaled.jpg\" \/>\n\t<meta property=\"og:image:width\" content=\"2560\" \/>\n\t<meta property=\"og:image:height\" content=\"1440\" \/>\n\t<meta property=\"og:image:type\" content=\"image\/jpeg\" \/>\n<meta name=\"twitter:card\" content=\"summary_large_image\" \/>\n<meta name=\"twitter:label1\" content=\"Becs\u00fclt olvas\u00e1si id\u0151\" \/>\n\t<meta name=\"twitter:data1\" content=\"1 perc\" \/>\n<script type=\"application\/ld+json\" class=\"yoast-schema-graph\">{\"@context\":\"https:\/\/schema.org\",\"@graph\":[{\"@type\":\"WebPage\",\"@id\":\"https:\/\/www.bmhangszer.hu\/index.php\/rezfuvos-hangszerek\/getzen-300-trombita-2\/\",\"url\":\"https:\/\/www.bmhangszer.hu\/index.php\/rezfuvos-hangszerek\/getzen-300-trombita-2\/\",\"name\":\"Getzen 300 ez\u00fcst\u00f6z\u00f6tt Trombita - Balogh Mikl\u00f3s hangszer\u00e9sz\",\"isPartOf\":{\"@id\":\"https:\/\/www.bmhangszer.hu\/#website\"},\"datePublished\":\"2026-01-21T20:13:29+00:00\",\"dateModified\":\"2026-01-21T20:19:20+00:00\",\"description\":\"Nagyon sz\u00e9p \u00e1llapot\u00fa haszn\u00e1lt trombita. Ez\u00fcst\u00f6z\u00f6tt, tokkal, f\u00fav\u00f3k\u00e1val, frissen szervizelve.\",\"breadcrumb\":{\"@id\":\"https:\/\/www.bmhangszer.hu\/index.php\/rezfuvos-hangszerek\/getzen-300-trombita-2\/#breadcrumb\"},\"inLanguage\":\"hu\",\"potentialAction\":[{\"@type\":\"ReadAction\",\"target\":[\"https:\/\/www.bmhangszer.hu\/index.php\/rezfuvos-hangszerek\/getzen-300-trombita-2\/\"]}]},{\"@type\":\"BreadcrumbList\",\"@id\":\"https:\/\/www.bmhangszer.hu\/index.php\/rezfuvos-hangszerek\/getzen-300-trombita-2\/#breadcrumb\",\"itemListElement\":[{\"@type\":\"ListItem\",\"position\":1,\"name\":\"Kezd\u0151lap\",\"item\":\"https:\/\/www.bmhangszer.hu\/\"},{\"@type\":\"ListItem\",\"position\":2,\"name\":\"R\u00e9zf\u00fav\u00f3s hangszerek\",\"item\":\"https:\/\/www.bmhangszer.hu\/index.php\/rezfuvos-hangszerek\/\"},{\"@type\":\"ListItem\",\"position\":3,\"name\":\"Getzen 300 ez\u00fcst\u00f6z\u00f6tt Trombita\"}]},{\"@type\":\"WebSite\",\"@id\":\"https:\/\/www.bmhangszer.hu\/#website\",\"url\":\"https:\/\/www.bmhangszer.hu\/\",\"name\":\"Balogh Mikl\u00f3s hangszer\u00e9sz\",\"description\":\"Balogh Mikl\u00f3s hangszer\u00e9sz\",\"publisher\":{\"@id\":\"https:\/\/www.bmhangszer.hu\/#\/schema\/person\/b6adc261c30e686fa88c78fdb7a63d00\"},\"potentialAction\":[{\"@type\":\"SearchAction\",\"target\":{\"@type\":\"EntryPoint\",\"urlTemplate\":\"https:\/\/www.bmhangszer.hu\/?s={search_term_string}\"},\"query-input\":{\"@type\":\"PropertyValueSpecification\",\"valueRequired\":true,\"valueName\":\"search_term_string\"}}],\"inLanguage\":\"hu\"},{\"@type\":[\"Person\",\"Organization\"],\"@id\":\"https:\/\/www.bmhangszer.hu\/#\/schema\/person\/b6adc261c30e686fa88c78fdb7a63d00\",\"name\":\"bmhangszer\",\"image\":{\"@type\":\"ImageObject\",\"inLanguage\":\"hu\",\"@id\":\"https:\/\/www.bmhangszer.hu\/#\/schema\/person\/image\/\",\"url\":\"https:\/\/www.bmhangszer.hu\/wp-content\/uploads\/2024\/06\/BMhangszer-logo-szines-cimmel_sticky-header.png\",\"contentUrl\":\"https:\/\/www.bmhangszer.hu\/wp-content\/uploads\/2024\/06\/BMhangszer-logo-szines-cimmel_sticky-header.png\",\"width\":1024,\"height\":636,\"caption\":\"bmhangszer\"},\"logo\":{\"@id\":\"https:\/\/www.bmhangszer.hu\/#\/schema\/person\/image\/\"},\"sameAs\":[\"https:\/\/www.bmhangszer.hu\"]}]}<\/script>\n<!-- \/ Yoast SEO plugin. -->","yoast_head_json":{"title":"Getzen 300 ez\u00fcst\u00f6z\u00f6tt Trombita - Balogh Mikl\u00f3s hangszer\u00e9sz","description":"Nagyon sz\u00e9p \u00e1llapot\u00fa haszn\u00e1lt trombita. Ez\u00fcst\u00f6z\u00f6tt, tokkal, f\u00fav\u00f3k\u00e1val, frissen szervizelve.","robots":{"index":"index","follow":"follow","max-snippet":"max-snippet:-1","max-image-preview":"max-image-preview:large","max-video-preview":"max-video-preview:-1"},"canonical":"https:\/\/www.bmhangszer.hu\/index.php\/rezfuvos-hangszerek\/getzen-300-trombita-2\/","og_locale":"hu_HU","og_type":"article","og_title":"Yamaha 4335 trombita","og_description":"Nagyon sz\u00e9p \u00e1llapot\u00fa haszn\u00e1lt trombita. Ez\u00fcst\u00f6z\u00f6tt, tokkal, f\u00fav\u00f3k\u00e1val, frissen szervizelve.","og_url":"https:\/\/www.bmhangszer.hu\/index.php\/rezfuvos-hangszerek\/getzen-300-trombita-2\/","og_site_name":"Balogh Mikl\u00f3s hangszer\u00e9sz","article_modified_time":"2026-01-21T20:19:20+00:00","og_image":[{"width":2560,"height":1440,"url":"https:\/\/www.bmhangszer.hu\/wp-content\/uploads\/2024\/09\/20240912_125454-scaled.jpg","type":"image\/jpeg"}],"twitter_card":"summary_large_image","twitter_misc":{"Becs\u00fclt olvas\u00e1si id\u0151":"1 perc"},"schema":{"@context":"https:\/\/schema.org","@graph":[{"@type":"WebPage","@id":"https:\/\/www.bmhangszer.hu\/index.php\/rezfuvos-hangszerek\/getzen-300-trombita-2\/","url":"https:\/\/www.bmhangszer.hu\/index.php\/rezfuvos-hangszerek\/getzen-300-trombita-2\/","name":"Getzen 300 ez\u00fcst\u00f6z\u00f6tt Trombita - Balogh Mikl\u00f3s hangszer\u00e9sz","isPartOf":{"@id":"https:\/\/www.bmhangszer.hu\/#website"},"datePublished":"2026-01-21T20:13:29+00:00","dateModified":"2026-01-21T20:19:20+00:00","description":"Nagyon sz\u00e9p \u00e1llapot\u00fa haszn\u00e1lt trombita. Ez\u00fcst\u00f6z\u00f6tt, tokkal, f\u00fav\u00f3k\u00e1val, frissen szervizelve.","breadcrumb":{"@id":"https:\/\/www.bmhangszer.hu\/index.php\/rezfuvos-hangszerek\/getzen-300-trombita-2\/#breadcrumb"},"inLanguage":"hu","potentialAction":[{"@type":"ReadAction","target":["https:\/\/www.bmhangszer.hu\/index.php\/rezfuvos-hangszerek\/getzen-300-trombita-2\/"]}]},{"@type":"BreadcrumbList","@id":"https:\/\/www.bmhangszer.hu\/index.php\/rezfuvos-hangszerek\/getzen-300-trombita-2\/#breadcrumb","itemListElement":[{"@type":"ListItem","position":1,"name":"Kezd\u0151lap","item":"https:\/\/www.bmhangszer.hu\/"},{"@type":"ListItem","position":2,"name":"R\u00e9zf\u00fav\u00f3s hangszerek","item":"https:\/\/www.bmhangszer.hu\/index.php\/rezfuvos-hangszerek\/"},{"@type":"ListItem","position":3,"name":"Getzen 300 ez\u00fcst\u00f6z\u00f6tt Trombita"}]},{"@type":"WebSite","@id":"https:\/\/www.bmhangszer.hu\/#website","url":"https:\/\/www.bmhangszer.hu\/","name":"Balogh Mikl\u00f3s hangszer\u00e9sz","description":"Balogh Mikl\u00f3s hangszer\u00e9sz","publisher":{"@id":"https:\/\/www.bmhangszer.hu\/#\/schema\/person\/b6adc261c30e686fa88c78fdb7a63d00"},"potentialAction":[{"@type":"SearchAction","target":{"@type":"EntryPoint","urlTemplate":"https:\/\/www.bmhangszer.hu\/?s={search_term_string}"},"query-input":{"@type":"PropertyValueSpecification","valueRequired":true,"valueName":"search_term_string"}}],"inLanguage":"hu"},{"@type":["Person","Organization"],"@id":"https:\/\/www.bmhangszer.hu\/#\/schema\/person\/b6adc261c30e686fa88c78fdb7a63d00","name":"bmhangszer","image":{"@type":"ImageObject","inLanguage":"hu","@id":"https:\/\/www.bmhangszer.hu\/#\/schema\/person\/image\/","url":"https:\/\/www.bmhangszer.hu\/wp-content\/uploads\/2024\/06\/BMhangszer-logo-szines-cimmel_sticky-header.png","contentUrl":"https:\/\/www.bmhangszer.hu\/wp-content\/uploads\/2024\/06\/BMhangszer-logo-szines-cimmel_sticky-header.png","width":1024,"height":636,"caption":"bmhangszer"},"logo":{"@id":"https:\/\/www.bmhangszer.hu\/#\/schema\/person\/image\/"},"sameAs":["https:\/\/www.bmhangszer.hu"]}]}},"builder_content":"<h1>Getzen 300 ez\u00fcst\u00f6z\u00f6tt trombita<\/h1> <p>Nagyon sz\u00e9p \u00e1llapot\u00fa haszn\u00e1lt trombita.<\/p> <p>Tokkal, f\u00fav\u00f3k\u00e1val, frissen szervizelve.<\/p>\n<em style=\"background-color:#b59a79;color:#f8f3ec\" ><svg xmlns:xlink=\"http:\/\/www.w3.org\/1999\/xlink\" aria-hidden=\"true\"><use href=\"#tf-fas-coins\" xlink:href=\"#tf-fas-coins\"><\/use><\/svg><\/em> 240.000,-Ft\n[gallery ids=\"1067,1066\"]\n<p style=\"text-align: right;\"><a href=\"https:\/\/www.bmhangszer.hu\/index.php\/rezfuvos-hangszerek\/\">\u2190 Vissza a r\u00e9zf\u00fav\u00f3s hangszerekhez<\/a><\/p>","_links":{"self":[{"href":"https:\/\/www.bmhangszer.hu\/index.php\/wp-json\/wp\/v2\/pages\/1062","targetHints":{"allow":["GET"]}}],"collection":[{"href":"https:\/\/www.bmhangszer.hu\/index.php\/wp-json\/wp\/v2\/pages"}],"about":[{"href":"https:\/\/www.bmhangszer.hu\/index.php\/wp-json\/wp\/v2\/types\/page"}],"author":[{"embeddable":true,"href":"https:\/\/www.bmhangszer.hu\/index.php\/wp-json\/wp\/v2\/users\/1"}],"replies":[{"embeddable":true,"href":"https:\/\/www.bmhangszer.hu\/index.php\/wp-json\/wp\/v2\/comments?post=1062"}],"version-history":[{"count":5,"href":"https:\/\/www.bmhangszer.hu\/index.php\/wp-json\/wp\/v2\/pages\/1062\/revisions"}],"predecessor-version":[{"id":1069,"href":"https:\/\/www.bmhangszer.hu\/index.php\/wp-json\/wp\/v2\/pages\/1062\/revisions\/1069"}],"up":[{"embeddable":true,"href":"https:\/\/www.bmhangszer.hu\/index.php\/wp-json\/wp\/v2\/pages\/42"}],"wp:attachment":[{"href":"https:\/\/www.bmhangszer.hu\/index.php\/wp-json\/wp\/v2\/media?parent=1062"}],"curies":[{"name":"wp","href":"https:\/\/api.w.org\/{rel}","templated":true}]}}