{"id":105,"date":"2024-06-21T17:37:51","date_gmt":"2024-06-21T17:37:51","guid":{"rendered":"https:\/\/www.bmhangszer.hu\/index.php\/fafuvos-hangszerek\/yamaha-yfl-311-fuvola-copy-copy\/"},"modified":"2025-06-03T10:18:44","modified_gmt":"2025-06-03T10:18:44","slug":"buffet-tradition-klarinet","status":"publish","type":"page","link":"https:\/\/www.bmhangszer.hu\/index.php\/fafuvos-hangszerek\/buffet-tradition-klarinet\/","title":{"rendered":"Buffet Tradition B-klarin\u00e9t"},"content":{"rendered":"<!--themify_builder_content-->\n<div id=\"themify_builder_content-105\" data-postid=\"105\" class=\"themify_builder_content themify_builder_content-105 themify_builder tf_clear\">\n                    <div  data-lazy=\"1\" class=\"module_row themify_builder_row tb_icuv041 tb_first tf_w\">\n                        <div class=\"row_inner col_align_top tb_col_count_1 tf_box tf_rel\">\n                        <div  data-lazy=\"1\" class=\"module_column tb-column col-full tb_92s3144 first\">\n                            <div  data-lazy=\"1\" class=\"module_subrow themify_builder_sub_row tf_w col_align_top tb_col_count_2 tb_d2fm107\">\n                <div  data-lazy=\"1\" class=\"module_column sub_column col4-2 tb_hxx4500 first\">\n                    <!-- module text -->\n<div  class=\"module module-text tb_rnql211   \" data-lazy=\"1\">\n        <div  class=\"tb_text_wrap\">\n        <h1>Buffet Tradition B-klarin\u00e9t<\/h1>\n<p>Fa test ez\u00fcst\u00f6z\u00f6tt mechanika.<\/p>\n<p>\u00a0<\/p>    <\/div>\n<\/div>\n<!-- \/module text --><!-- module icon -->\n<div  class=\"module module-icon tb_rolx404    icon_horizontal \" data-lazy=\"1\">\n\t\t\t<div class=\"module-icon-item\">\n\t\t\t\t\t\t\t\t\t\t\t\t\t\t\t\t<em class=\"tf_box\"\n\t\t\t\t\t\t\t\t\t\t\t\t style=\"background-color:#b59a79;color:#f8f3ec\"\t\t\t\t\t><svg  class=\"tf_fa tf-fas-coins\" xmlns:xlink=\"http:\/\/www.w3.org\/1999\/xlink\" aria-hidden=\"true\"><use href=\"#tf-fas-coins\" xlink:href=\"#tf-fas-coins\"><\/use><\/svg><\/em>\n\t\t\t\t\t\t\t\t\t\t\t\t\t\t\t\t\t\t\t<span>680.000,-Ft<\/span>\n\t\t\t\t\t\t\t\t\t\t\t\t\t\t\t<\/div>\n\t<\/div>\n<!-- \/module icon -->\n        <\/div>\n                    <div  data-lazy=\"1\" class=\"module_column sub_column col4-2 tb_lh46540 last\">\n                    <!-- module gallery -->\n<div  class=\"module gallery module-gallery tb_9awf540 layout-slider rounded \" data-lazy=\"1\">\n                <div class=\"themify_builder_slider_vertical tf_rel\">\n                <div class=\"tf_swiper-container tf_carousel themify_builder_slider tf_rel tf_overflow\"\n              data-lazy=\"1\"                data-pager=\"1\"\n                data-speed=\"1\"\n                data-slider_nav=\"1\"\n                data-wrapvar=\"1\"\n                data-height=\"variable\"\n                                    data-effect=\"scroll\"\n                                        data-css_url=\"https:\/\/www.bmhangszer.hu\/wp-content\/themes\/themify-ultra\/themify\/themify-builder\/css\/modules\/sliders\/carousel,https:\/\/www.bmhangszer.hu\/wp-content\/themes\/themify-ultra\/themify\/themify-builder\/css\/modules\/sliders\/gallery\"\n                                                                                 data-visible=\"1\" \n                data-tab-visible=\"\"\n                data-mob-visible=\"\"\n                data-scroll=\"1\"\n                                         >\n            <div class=\"tf_swiper-wrapper tf_lazy tf_rel tf_w tf_h tf_textc\">\n                                                    <div class=\"tf_swiper-slide\" style=\"\">\n                        <div class=\"slide-inner-wrap\">\n                            <div class=\"tf_lazy slide-image gallery-icon\">\n                            <a href=\"https:\/\/www.bmhangszer.hu\/wp-content\/uploads\/2025\/05\/20250523_121622.jpg\" class=\"themify_lightbox\"><img src=\"data:image\/svg+xml,%3Csvg%20xmlns=%27http:\/\/www.w3.org\/2000\/svg%27%20width='1200'%20height='1085'%20viewBox=%270%200%201200%201085%27%3E%3C\/svg%3E\" loading=\"lazy\" data-lazy=\"1\" data-tf-not-load=\"1\" style=\"background:linear-gradient(to right,#58121c 25%,#68021a 25% 50%,#62101e 50% 75%,#761832 75%),linear-gradient(to right,#911d30 25%,#25100d 25% 50%,#59131e 50% 75%,#2f2121 75%),linear-gradient(to right,#d9d2c8 25%,#faf2db 25% 50%,#2b292a 50% 75%,#852236 75%),linear-gradient(to right,#fbeecc 25%,#191917 25% 50%,#151513 50% 75%,#2b2e35 75%)\" decoding=\"async\" width=\"1200\" height=\"1085\" data-tf-src=\"https:\/\/www.bmhangszer.hu\/wp-content\/uploads\/2025\/05\/20250523_121622.jpg\" class=\"tf_svg_lazy wp-post-image wp-image-586\" title=\"20250523_121622\" alt=\"20250523_121622\" data-tf-srcset=\"https:\/\/www.bmhangszer.hu\/wp-content\/uploads\/2025\/05\/20250523_121622.jpg 1200w, https:\/\/www.bmhangszer.hu\/wp-content\/uploads\/2025\/05\/20250523_121622-300x271.jpg 300w, https:\/\/www.bmhangszer.hu\/wp-content\/uploads\/2025\/05\/20250523_121622-1024x926.jpg 1024w, https:\/\/www.bmhangszer.hu\/wp-content\/uploads\/2025\/05\/20250523_121622-768x694.jpg 768w\" data-tf-sizes=\"(max-width: 1200px) 100vw, 1200px\" \/><noscript><img loading=\"lazy\" decoding=\"async\" width=\"1200\" height=\"1085\" data-tf-not-load src=\"https:\/\/www.bmhangszer.hu\/wp-content\/uploads\/2025\/05\/20250523_121622.jpg\" class=\"wp-post-image wp-image-586\" title=\"20250523_121622\" alt=\"20250523_121622\" srcset=\"https:\/\/www.bmhangszer.hu\/wp-content\/uploads\/2025\/05\/20250523_121622.jpg 1200w, https:\/\/www.bmhangszer.hu\/wp-content\/uploads\/2025\/05\/20250523_121622-300x271.jpg 300w, https:\/\/www.bmhangszer.hu\/wp-content\/uploads\/2025\/05\/20250523_121622-1024x926.jpg 1024w, https:\/\/www.bmhangszer.hu\/wp-content\/uploads\/2025\/05\/20250523_121622-768x694.jpg 768w\" sizes=\"auto, (max-width: 1200px) 100vw, 1200px\" \/><\/noscript><\/a>                            <\/div>\n                                                    <\/div><\/div>\n                                    <div class=\"tf_swiper-slide\" style=\"display:none\">\n                        <div class=\"slide-inner-wrap\">\n                            <div class=\"tf_lazy slide-image gallery-icon\">\n                            <a href=\"https:\/\/www.bmhangszer.hu\/wp-content\/uploads\/2025\/05\/20250523_121647.jpg\" class=\"themify_lightbox\"><img src=\"data:image\/svg+xml,%3Csvg%20xmlns=%27http:\/\/www.w3.org\/2000\/svg%27%20width='1200'%20height='901'%20viewBox=%270%200%201200%20901%27%3E%3C\/svg%3E\" loading=\"lazy\" data-lazy=\"1\" data-tf-not-load=\"1\" style=\"background:linear-gradient(to right,#3b1417 25%,#211112 25% 50%,#611c21 50% 75%,#601325 75%),linear-gradient(to right,#61282f 25%,#51423b 25% 50%,#b2b5a2 50% 75%,#596267 75%),linear-gradient(to right,#c0bfba 25%,#241012 25% 50%,#3b0e13 50% 75%,#9c3048 75%),linear-gradient(to right,#9fa59b 25%,#7a857f 25% 50%,#58615e 50% 75%,#eed39e 75%)\" decoding=\"async\" width=\"1200\" height=\"901\" data-tf-src=\"https:\/\/www.bmhangszer.hu\/wp-content\/uploads\/2025\/05\/20250523_121647.jpg\" class=\"tf_svg_lazy wp-post-image wp-image-587\" title=\"20250523_121647\" alt=\"20250523_121647\" data-tf-srcset=\"https:\/\/www.bmhangszer.hu\/wp-content\/uploads\/2025\/05\/20250523_121647.jpg 1200w, https:\/\/www.bmhangszer.hu\/wp-content\/uploads\/2025\/05\/20250523_121647-300x225.jpg 300w, https:\/\/www.bmhangszer.hu\/wp-content\/uploads\/2025\/05\/20250523_121647-1024x769.jpg 1024w, https:\/\/www.bmhangszer.hu\/wp-content\/uploads\/2025\/05\/20250523_121647-768x577.jpg 768w\" data-tf-sizes=\"(max-width: 1200px) 100vw, 1200px\" \/><noscript><img loading=\"lazy\" decoding=\"async\" width=\"1200\" height=\"901\" data-tf-not-load src=\"https:\/\/www.bmhangszer.hu\/wp-content\/uploads\/2025\/05\/20250523_121647.jpg\" class=\"wp-post-image wp-image-587\" title=\"20250523_121647\" alt=\"20250523_121647\" srcset=\"https:\/\/www.bmhangszer.hu\/wp-content\/uploads\/2025\/05\/20250523_121647.jpg 1200w, https:\/\/www.bmhangszer.hu\/wp-content\/uploads\/2025\/05\/20250523_121647-300x225.jpg 300w, https:\/\/www.bmhangszer.hu\/wp-content\/uploads\/2025\/05\/20250523_121647-1024x769.jpg 1024w, https:\/\/www.bmhangszer.hu\/wp-content\/uploads\/2025\/05\/20250523_121647-768x577.jpg 768w\" sizes=\"auto, (max-width: 1200px) 100vw, 1200px\" \/><\/noscript><\/a>                            <\/div>\n                                                    <\/div><\/div>\n                            <\/div>\n        <\/div>\n                <\/div>\n    <\/div>\n<!-- \/module gallery -->        <\/div>\n                    <\/div>\n        <!-- module text -->\n<div  class=\"module module-text tb_znqs049   \" data-lazy=\"1\">\n        <div  class=\"tb_text_wrap\">\n        <p style=\"text-align: right;\"><a href=\"https:\/\/www.bmhangszer.hu\/index.php\/fafuvos-hangszerek\/\">\u2190 Vissza a faf\u00fav\u00f3s hangszerekhez<\/a><\/p>\n    <\/div>\n<\/div>\n<!-- \/module text -->        <\/div>\n                        <\/div>\n        <\/div>\n        <\/div>\n<!--\/themify_builder_content-->","protected":false},"excerpt":{"rendered":"<p>Buffet Tradition B-klarin\u00e9t Fa test ez\u00fcst\u00f6z\u00f6tt mechanika. \u00a0<\/p>\n","protected":false},"author":1,"featured_media":0,"parent":44,"menu_order":1,"comment_status":"closed","ping_status":"closed","template":"","meta":{"footnotes":""},"class_list":["post-105","page","type-page","status-publish","hentry","has-post-title","has-post-date","has-post-category","has-post-tag","has-post-comment","has-post-author",""],"yoast_head":"<!-- This site is optimized with the Yoast SEO plugin v27.1.1 - https:\/\/yoast.com\/product\/yoast-seo-wordpress\/ -->\n<title>Buffet Tradition B-klarin\u00e9t - Balogh Mikl\u00f3s hangszer\u00e9sz<\/title>\n<meta name=\"robots\" content=\"index, follow, max-snippet:-1, max-image-preview:large, max-video-preview:-1\" \/>\n<link rel=\"canonical\" href=\"https:\/\/www.bmhangszer.hu\/index.php\/fafuvos-hangszerek\/buffet-tradition-klarinet\/\" \/>\n<meta property=\"og:locale\" content=\"hu_HU\" \/>\n<meta property=\"og:type\" content=\"article\" \/>\n<meta property=\"og:title\" content=\"Buffet Tradition B-klarin\u00e9t\" \/>\n<meta property=\"og:description\" content=\"Fa test ez\u00fcst\u00f6z\u00f6tt mechanika.\" \/>\n<meta property=\"og:url\" content=\"https:\/\/www.bmhangszer.hu\/index.php\/fafuvos-hangszerek\/buffet-tradition-klarinet\/\" \/>\n<meta property=\"og:site_name\" content=\"Balogh Mikl\u00f3s hangszer\u00e9sz\" \/>\n<meta property=\"article:modified_time\" content=\"2025-06-03T10:18:44+00:00\" \/>\n<meta property=\"og:image\" content=\"https:\/\/www.bmhangszer.hu\/wp-content\/uploads\/2025\/05\/20250523_121622.jpg\" \/>\n\t<meta property=\"og:image:width\" content=\"1200\" \/>\n\t<meta property=\"og:image:height\" content=\"1085\" \/>\n\t<meta property=\"og:image:type\" content=\"image\/jpeg\" \/>\n<meta name=\"twitter:card\" content=\"summary_large_image\" \/>\n<meta name=\"twitter:label1\" content=\"Becs\u00fclt olvas\u00e1si id\u0151\" \/>\n\t<meta name=\"twitter:data1\" content=\"1 perc\" \/>\n<script type=\"application\/ld+json\" class=\"yoast-schema-graph\">{\"@context\":\"https:\/\/schema.org\",\"@graph\":[{\"@type\":\"WebPage\",\"@id\":\"https:\/\/www.bmhangszer.hu\/index.php\/fafuvos-hangszerek\/buffet-tradition-klarinet\/\",\"url\":\"https:\/\/www.bmhangszer.hu\/index.php\/fafuvos-hangszerek\/buffet-tradition-klarinet\/\",\"name\":\"Buffet Tradition B-klarin\u00e9t - Balogh Mikl\u00f3s hangszer\u00e9sz\",\"isPartOf\":{\"@id\":\"https:\/\/www.bmhangszer.hu\/#website\"},\"datePublished\":\"2024-06-21T17:37:51+00:00\",\"dateModified\":\"2025-06-03T10:18:44+00:00\",\"breadcrumb\":{\"@id\":\"https:\/\/www.bmhangszer.hu\/index.php\/fafuvos-hangszerek\/buffet-tradition-klarinet\/#breadcrumb\"},\"inLanguage\":\"hu\",\"potentialAction\":[{\"@type\":\"ReadAction\",\"target\":[\"https:\/\/www.bmhangszer.hu\/index.php\/fafuvos-hangszerek\/buffet-tradition-klarinet\/\"]}]},{\"@type\":\"BreadcrumbList\",\"@id\":\"https:\/\/www.bmhangszer.hu\/index.php\/fafuvos-hangszerek\/buffet-tradition-klarinet\/#breadcrumb\",\"itemListElement\":[{\"@type\":\"ListItem\",\"position\":1,\"name\":\"Kezd\u0151lap\",\"item\":\"https:\/\/www.bmhangszer.hu\/\"},{\"@type\":\"ListItem\",\"position\":2,\"name\":\"Faf\u00fav\u00f3s hangszerek\",\"item\":\"https:\/\/www.bmhangszer.hu\/index.php\/fafuvos-hangszerek\/\"},{\"@type\":\"ListItem\",\"position\":3,\"name\":\"Buffet Tradition B-klarin\u00e9t\"}]},{\"@type\":\"WebSite\",\"@id\":\"https:\/\/www.bmhangszer.hu\/#website\",\"url\":\"https:\/\/www.bmhangszer.hu\/\",\"name\":\"Balogh Mikl\u00f3s hangszer\u00e9sz\",\"description\":\"Balogh Mikl\u00f3s hangszer\u00e9sz\",\"publisher\":{\"@id\":\"https:\/\/www.bmhangszer.hu\/#\/schema\/person\/b6adc261c30e686fa88c78fdb7a63d00\"},\"potentialAction\":[{\"@type\":\"SearchAction\",\"target\":{\"@type\":\"EntryPoint\",\"urlTemplate\":\"https:\/\/www.bmhangszer.hu\/?s={search_term_string}\"},\"query-input\":{\"@type\":\"PropertyValueSpecification\",\"valueRequired\":true,\"valueName\":\"search_term_string\"}}],\"inLanguage\":\"hu\"},{\"@type\":[\"Person\",\"Organization\"],\"@id\":\"https:\/\/www.bmhangszer.hu\/#\/schema\/person\/b6adc261c30e686fa88c78fdb7a63d00\",\"name\":\"bmhangszer\",\"image\":{\"@type\":\"ImageObject\",\"inLanguage\":\"hu\",\"@id\":\"https:\/\/www.bmhangszer.hu\/#\/schema\/person\/image\/\",\"url\":\"https:\/\/www.bmhangszer.hu\/wp-content\/uploads\/2024\/06\/BMhangszer-logo-szines-cimmel_sticky-header.png\",\"contentUrl\":\"https:\/\/www.bmhangszer.hu\/wp-content\/uploads\/2024\/06\/BMhangszer-logo-szines-cimmel_sticky-header.png\",\"width\":1024,\"height\":636,\"caption\":\"bmhangszer\"},\"logo\":{\"@id\":\"https:\/\/www.bmhangszer.hu\/#\/schema\/person\/image\/\"},\"sameAs\":[\"https:\/\/www.bmhangszer.hu\"]}]}<\/script>\n<!-- \/ Yoast SEO plugin. -->","yoast_head_json":{"title":"Buffet Tradition B-klarin\u00e9t - Balogh Mikl\u00f3s hangszer\u00e9sz","robots":{"index":"index","follow":"follow","max-snippet":"max-snippet:-1","max-image-preview":"max-image-preview:large","max-video-preview":"max-video-preview:-1"},"canonical":"https:\/\/www.bmhangszer.hu\/index.php\/fafuvos-hangszerek\/buffet-tradition-klarinet\/","og_locale":"hu_HU","og_type":"article","og_title":"Buffet Tradition B-klarin\u00e9t","og_description":"Fa test ez\u00fcst\u00f6z\u00f6tt mechanika.","og_url":"https:\/\/www.bmhangszer.hu\/index.php\/fafuvos-hangszerek\/buffet-tradition-klarinet\/","og_site_name":"Balogh Mikl\u00f3s hangszer\u00e9sz","article_modified_time":"2025-06-03T10:18:44+00:00","og_image":[{"width":1200,"height":1085,"url":"https:\/\/www.bmhangszer.hu\/wp-content\/uploads\/2025\/05\/20250523_121622.jpg","type":"image\/jpeg"}],"twitter_card":"summary_large_image","twitter_misc":{"Becs\u00fclt olvas\u00e1si id\u0151":"1 perc"},"schema":{"@context":"https:\/\/schema.org","@graph":[{"@type":"WebPage","@id":"https:\/\/www.bmhangszer.hu\/index.php\/fafuvos-hangszerek\/buffet-tradition-klarinet\/","url":"https:\/\/www.bmhangszer.hu\/index.php\/fafuvos-hangszerek\/buffet-tradition-klarinet\/","name":"Buffet Tradition B-klarin\u00e9t - Balogh Mikl\u00f3s hangszer\u00e9sz","isPartOf":{"@id":"https:\/\/www.bmhangszer.hu\/#website"},"datePublished":"2024-06-21T17:37:51+00:00","dateModified":"2025-06-03T10:18:44+00:00","breadcrumb":{"@id":"https:\/\/www.bmhangszer.hu\/index.php\/fafuvos-hangszerek\/buffet-tradition-klarinet\/#breadcrumb"},"inLanguage":"hu","potentialAction":[{"@type":"ReadAction","target":["https:\/\/www.bmhangszer.hu\/index.php\/fafuvos-hangszerek\/buffet-tradition-klarinet\/"]}]},{"@type":"BreadcrumbList","@id":"https:\/\/www.bmhangszer.hu\/index.php\/fafuvos-hangszerek\/buffet-tradition-klarinet\/#breadcrumb","itemListElement":[{"@type":"ListItem","position":1,"name":"Kezd\u0151lap","item":"https:\/\/www.bmhangszer.hu\/"},{"@type":"ListItem","position":2,"name":"Faf\u00fav\u00f3s hangszerek","item":"https:\/\/www.bmhangszer.hu\/index.php\/fafuvos-hangszerek\/"},{"@type":"ListItem","position":3,"name":"Buffet Tradition B-klarin\u00e9t"}]},{"@type":"WebSite","@id":"https:\/\/www.bmhangszer.hu\/#website","url":"https:\/\/www.bmhangszer.hu\/","name":"Balogh Mikl\u00f3s hangszer\u00e9sz","description":"Balogh Mikl\u00f3s hangszer\u00e9sz","publisher":{"@id":"https:\/\/www.bmhangszer.hu\/#\/schema\/person\/b6adc261c30e686fa88c78fdb7a63d00"},"potentialAction":[{"@type":"SearchAction","target":{"@type":"EntryPoint","urlTemplate":"https:\/\/www.bmhangszer.hu\/?s={search_term_string}"},"query-input":{"@type":"PropertyValueSpecification","valueRequired":true,"valueName":"search_term_string"}}],"inLanguage":"hu"},{"@type":["Person","Organization"],"@id":"https:\/\/www.bmhangszer.hu\/#\/schema\/person\/b6adc261c30e686fa88c78fdb7a63d00","name":"bmhangszer","image":{"@type":"ImageObject","inLanguage":"hu","@id":"https:\/\/www.bmhangszer.hu\/#\/schema\/person\/image\/","url":"https:\/\/www.bmhangszer.hu\/wp-content\/uploads\/2024\/06\/BMhangszer-logo-szines-cimmel_sticky-header.png","contentUrl":"https:\/\/www.bmhangszer.hu\/wp-content\/uploads\/2024\/06\/BMhangszer-logo-szines-cimmel_sticky-header.png","width":1024,"height":636,"caption":"bmhangszer"},"logo":{"@id":"https:\/\/www.bmhangszer.hu\/#\/schema\/person\/image\/"},"sameAs":["https:\/\/www.bmhangszer.hu"]}]}},"builder_content":"<h1>Buffet Tradition B-klarin\u00e9t<\/h1> <p>Fa test ez\u00fcst\u00f6z\u00f6tt mechanika.<\/p> <p>\u00a0<\/p>\n<em style=\"background-color:#b59a79;color:#f8f3ec\" ><svg xmlns:xlink=\"http:\/\/www.w3.org\/1999\/xlink\" aria-hidden=\"true\"><use href=\"#tf-fas-coins\" xlink:href=\"#tf-fas-coins\"><\/use><\/svg><\/em> 680.000,-Ft\n[gallery ids=\"586,587\"]\n<p style=\"text-align: right;\"><a href=\"https:\/\/www.bmhangszer.hu\/index.php\/fafuvos-hangszerek\/\">\u2190 Vissza a faf\u00fav\u00f3s hangszerekhez<\/a><\/p>","_links":{"self":[{"href":"https:\/\/www.bmhangszer.hu\/index.php\/wp-json\/wp\/v2\/pages\/105","targetHints":{"allow":["GET"]}}],"collection":[{"href":"https:\/\/www.bmhangszer.hu\/index.php\/wp-json\/wp\/v2\/pages"}],"about":[{"href":"https:\/\/www.bmhangszer.hu\/index.php\/wp-json\/wp\/v2\/types\/page"}],"author":[{"embeddable":true,"href":"https:\/\/www.bmhangszer.hu\/index.php\/wp-json\/wp\/v2\/users\/1"}],"replies":[{"embeddable":true,"href":"https:\/\/www.bmhangszer.hu\/index.php\/wp-json\/wp\/v2\/comments?post=105"}],"version-history":[{"count":23,"href":"https:\/\/www.bmhangszer.hu\/index.php\/wp-json\/wp\/v2\/pages\/105\/revisions"}],"predecessor-version":[{"id":649,"href":"https:\/\/www.bmhangszer.hu\/index.php\/wp-json\/wp\/v2\/pages\/105\/revisions\/649"}],"up":[{"embeddable":true,"href":"https:\/\/www.bmhangszer.hu\/index.php\/wp-json\/wp\/v2\/pages\/44"}],"wp:attachment":[{"href":"https:\/\/www.bmhangszer.hu\/index.php\/wp-json\/wp\/v2\/media?parent=105"}],"curies":[{"name":"wp","href":"https:\/\/api.w.org\/{rel}","templated":true}]}}